{"id":895,"date":"2023-01-17T21:55:32","date_gmt":"2023-01-17T21:55:32","guid":{"rendered":"https:\/\/magison.si\/?page_id=895"},"modified":"2023-04-03T20:01:09","modified_gmt":"2023-04-03T20:01:09","slug":"svetovanje-pri-odlocitvah-o-financnem-poslovanju","status":"publish","type":"page","link":"https:\/\/magison.si\/?page_id=895","title":{"rendered":"Svetovanje pri odlo\u010ditvah o finan\u010dnem poslovanju"},"content":{"rendered":"\n<h3 class=\"wp-block-heading has-text-align-center has-text-color\" style=\"color:#1583dd\"><strong>Svetovanje pri odlo\u010ditvah o finan\u010dnem poslovanju<\/strong><\/h3>\n\n\n\n<div class=\"wp-block-group is-layout-constrained wp-block-group-is-layout-constrained\">\n<figure class=\"wp-block-image aligncenter size-full is-resized\"><img loading=\"lazy\" decoding=\"async\" src=\"https:\/\/magison.si\/wp-content\/uploads\/2023\/01\/0200-17.jpg\" alt=\"\" class=\"wp-image-808\" width=\"713\" height=\"405\" srcset=\"https:\/\/magison.si\/wp-content\/uploads\/2023\/01\/0200-17.jpg 977w, https:\/\/magison.si\/wp-content\/uploads\/2023\/01\/0200-17-300x171.jpg 300w, https:\/\/magison.si\/wp-content\/uploads\/2023\/01\/0200-17-768x437.jpg 768w\" sizes=\"auto, (max-width: 713px) 100vw, 713px\" \/><\/figure>\n\n\n\n<ul class=\"justify has-text-color wp-block-list\" style=\"color:#000066\">\n<li><em>Vam kot poslovodji ni jasno, <strong>kaj od vas zahteva ZFPPIPP<\/strong>, pa bi radi nasvet o tem?<\/em><\/li>\n\n\n\n<li><em>Se \u017eelite pred pomembnimi poslovno-finan\u010dnimi odlo\u010ditvami (investicije, pripojitve, postavitev finan\u010dne strategije\u2026), posvetovati o finan\u010dnih vidikih teh odlo\u010ditev? <strong>Kako se s finan\u010dnega vidika lotiti navedenih odlo\u010ditev<\/strong>?<\/em><\/li>\n\n\n\n<li><em>Kako v podjetju organizirati <strong>dol\u017ene aktivnosti<\/strong> skladno z ZFPPIPP?<\/em><\/li>\n\n\n\n<li><em>Potrebujete nasvet o <strong>od\u0161kodninski odgovornosti pri finan\u010dnem poslovanju<\/strong>?<\/em><\/li>\n<\/ul>\n<\/div>\n\n\n\n<div class=\"wp-block-group has-text-color is-layout-constrained wp-block-group-is-layout-constrained\" style=\"color:#7030a0\">\n<p><strong>Na\u0161e izku\u0161nje v zvezi s finan\u010dnim poslovanjem&nbsp; so visoko strokovne in izjemno bogate, zato smo pravi naslov za re\u0161itve va\u0161ih problemov pri finan\u010dnem poslovanju.<\/strong><\/p>\n\n\n\n<p><strong><em>Pi\u0161ite nam, pokli\u010dite nas, povpra\u0161ajte za ponudbo.<\/em><\/strong><\/p>\n\n\n\n<div style=\"height:70px\" aria-hidden=\"true\" class=\"wp-block-spacer\"><\/div>\n<\/div>\n","protected":false},"excerpt":{"rendered":"<p>Svetovanje pri odlo\u010ditvah o finan\u010dnem poslovanju Na\u0161e izku\u0161nje v zvezi s finan\u010dnim poslovanjem&nbsp; so visoko [&hellip;]<\/p>\n","protected":false},"author":1,"featured_media":0,"parent":875,"menu_order":4,"comment_status":"closed","ping_status":"closed","template":"","meta":{"_uag_custom_page_level_css":"","footnotes":""},"class_list":["post-895","page","type-page","status-publish","hentry"],"yoast_head":"<!-- This site is optimized with the Yoast SEO plugin v20.4 - https:\/\/yoast.com\/wordpress\/plugins\/seo\/ -->\n<title>Svetovanje pri odlo\u010ditvah o finan\u010dnem poslovanju - Magison Svetovanje<\/title>\n<meta name=\"robots\" content=\"index, follow, max-snippet:-1, max-image-preview:large, max-video-preview:-1\" \/>\n<link rel=\"canonical\" href=\"https:\/\/magison.si\/?page_id=895\" \/>\n<meta property=\"og:locale\" content=\"en_US\" \/>\n<meta property=\"og:type\" content=\"article\" \/>\n<meta property=\"og:title\" content=\"Svetovanje pri odlo\u010ditvah o finan\u010dnem poslovanju - Magison Svetovanje\" \/>\n<meta property=\"og:description\" content=\"Svetovanje pri odlo\u010ditvah o finan\u010dnem poslovanju Na\u0161e izku\u0161nje v zvezi s finan\u010dnim poslovanjem&nbsp; so visoko [&hellip;]\" \/>\n<meta property=\"og:url\" content=\"https:\/\/magison.si\/?page_id=895\" \/>\n<meta property=\"og:site_name\" content=\"Magison Svetovanje\" \/>\n<meta property=\"article:modified_time\" content=\"2023-04-03T20:01:09+00:00\" \/>\n<meta property=\"og:image\" content=\"https:\/\/magison.si\/wp-content\/uploads\/2023\/01\/0200-17.jpg\" \/>\n<meta name=\"twitter:card\" content=\"summary_large_image\" \/>\n<meta name=\"twitter:label1\" content=\"Est. reading time\" \/>\n\t<meta name=\"twitter:data1\" content=\"1 minute\" \/>\n<script type=\"application\/ld+json\" class=\"yoast-schema-graph\">{\"@context\":\"https:\/\/schema.org\",\"@graph\":[{\"@type\":\"WebPage\",\"@id\":\"https:\/\/magison.si\/?page_id=895\",\"url\":\"https:\/\/magison.si\/?page_id=895\",\"name\":\"Svetovanje pri odlo\u010ditvah o finan\u010dnem poslovanju - Magison Svetovanje\",\"isPartOf\":{\"@id\":\"https:\/\/magison.si\/#website\"},\"datePublished\":\"2023-01-17T21:55:32+00:00\",\"dateModified\":\"2023-04-03T20:01:09+00:00\",\"breadcrumb\":{\"@id\":\"https:\/\/magison.si\/?page_id=895#breadcrumb\"},\"inLanguage\":\"en-US\",\"potentialAction\":[{\"@type\":\"ReadAction\",\"target\":[\"https:\/\/magison.si\/?page_id=895\"]}]},{\"@type\":\"BreadcrumbList\",\"@id\":\"https:\/\/magison.si\/?page_id=895#breadcrumb\",\"itemListElement\":[{\"@type\":\"ListItem\",\"position\":1,\"name\":\"Home\",\"item\":\"https:\/\/magison.si\/\"},{\"@type\":\"ListItem\",\"position\":2,\"name\":\"Poslovno-finan\u010dno svetovanje &#8211; storitve\",\"item\":\"https:\/\/magison.si\/?page_id=866\"},{\"@type\":\"ListItem\",\"position\":3,\"name\":\"Poslovodstvo, nadzorni svet in finan\u010dno poslovanje\",\"item\":\"https:\/\/magison.si\/?page_id=875\"},{\"@type\":\"ListItem\",\"position\":4,\"name\":\"Svetovanje pri odlo\u010ditvah o finan\u010dnem poslovanju\"}]},{\"@type\":\"WebSite\",\"@id\":\"https:\/\/magison.si\/#website\",\"url\":\"https:\/\/magison.si\/\",\"name\":\"Magison Svetovanje\",\"description\":\"\",\"publisher\":{\"@id\":\"https:\/\/magison.si\/#organization\"},\"potentialAction\":[{\"@type\":\"SearchAction\",\"target\":{\"@type\":\"EntryPoint\",\"urlTemplate\":\"https:\/\/magison.si\/?s={search_term_string}\"},\"query-input\":\"required name=search_term_string\"}],\"inLanguage\":\"en-US\"},{\"@type\":\"Organization\",\"@id\":\"https:\/\/magison.si\/#organization\",\"name\":\"Magison Svetovanje\",\"url\":\"https:\/\/magison.si\/\",\"logo\":{\"@type\":\"ImageObject\",\"inLanguage\":\"en-US\",\"@id\":\"https:\/\/magison.si\/#\/schema\/logo\/image\/\",\"url\":\"https:\/\/magison.si\/wp-content\/uploads\/2023\/01\/ZNAK-MAGISON.jpg\",\"contentUrl\":\"https:\/\/magison.si\/wp-content\/uploads\/2023\/01\/ZNAK-MAGISON.jpg\",\"width\":1634,\"height\":542,\"caption\":\"Magison Svetovanje\"},\"image\":{\"@id\":\"https:\/\/magison.si\/#\/schema\/logo\/image\/\"}}]}<\/script>\n<!-- \/ Yoast SEO plugin. -->","yoast_head_json":{"title":"Svetovanje pri odlo\u010ditvah o finan\u010dnem poslovanju - Magison Svetovanje","robots":{"index":"index","follow":"follow","max-snippet":"max-snippet:-1","max-image-preview":"max-image-preview:large","max-video-preview":"max-video-preview:-1"},"canonical":"https:\/\/magison.si\/?page_id=895","og_locale":"en_US","og_type":"article","og_title":"Svetovanje pri odlo\u010ditvah o finan\u010dnem poslovanju - Magison Svetovanje","og_description":"Svetovanje pri odlo\u010ditvah o finan\u010dnem poslovanju Na\u0161e izku\u0161nje v zvezi s finan\u010dnim poslovanjem&nbsp; so visoko [&hellip;]","og_url":"https:\/\/magison.si\/?page_id=895","og_site_name":"Magison Svetovanje","article_modified_time":"2023-04-03T20:01:09+00:00","og_image":[{"url":"https:\/\/magison.si\/wp-content\/uploads\/2023\/01\/0200-17.jpg"}],"twitter_card":"summary_large_image","twitter_misc":{"Est. reading time":"1 minute"},"schema":{"@context":"https:\/\/schema.org","@graph":[{"@type":"WebPage","@id":"https:\/\/magison.si\/?page_id=895","url":"https:\/\/magison.si\/?page_id=895","name":"Svetovanje pri odlo\u010ditvah o finan\u010dnem poslovanju - Magison Svetovanje","isPartOf":{"@id":"https:\/\/magison.si\/#website"},"datePublished":"2023-01-17T21:55:32+00:00","dateModified":"2023-04-03T20:01:09+00:00","breadcrumb":{"@id":"https:\/\/magison.si\/?page_id=895#breadcrumb"},"inLanguage":"en-US","potentialAction":[{"@type":"ReadAction","target":["https:\/\/magison.si\/?page_id=895"]}]},{"@type":"BreadcrumbList","@id":"https:\/\/magison.si\/?page_id=895#breadcrumb","itemListElement":[{"@type":"ListItem","position":1,"name":"Home","item":"https:\/\/magison.si\/"},{"@type":"ListItem","position":2,"name":"Poslovno-finan\u010dno svetovanje &#8211; storitve","item":"https:\/\/magison.si\/?page_id=866"},{"@type":"ListItem","position":3,"name":"Poslovodstvo, nadzorni svet in finan\u010dno poslovanje","item":"https:\/\/magison.si\/?page_id=875"},{"@type":"ListItem","position":4,"name":"Svetovanje pri odlo\u010ditvah o finan\u010dnem poslovanju"}]},{"@type":"WebSite","@id":"https:\/\/magison.si\/#website","url":"https:\/\/magison.si\/","name":"Magison Svetovanje","description":"","publisher":{"@id":"https:\/\/magison.si\/#organization"},"potentialAction":[{"@type":"SearchAction","target":{"@type":"EntryPoint","urlTemplate":"https:\/\/magison.si\/?s={search_term_string}"},"query-input":"required name=search_term_string"}],"inLanguage":"en-US"},{"@type":"Organization","@id":"https:\/\/magison.si\/#organization","name":"Magison Svetovanje","url":"https:\/\/magison.si\/","logo":{"@type":"ImageObject","inLanguage":"en-US","@id":"https:\/\/magison.si\/#\/schema\/logo\/image\/","url":"https:\/\/magison.si\/wp-content\/uploads\/2023\/01\/ZNAK-MAGISON.jpg","contentUrl":"https:\/\/magison.si\/wp-content\/uploads\/2023\/01\/ZNAK-MAGISON.jpg","width":1634,"height":542,"caption":"Magison Svetovanje"},"image":{"@id":"https:\/\/magison.si\/#\/schema\/logo\/image\/"}}]}},"uagb_featured_image_src":{"full":false,"thumbnail":false,"medium":false,"medium_large":false,"large":false,"1536x1536":false,"2048x2048":false},"uagb_author_info":{"display_name":"admin","author_link":"https:\/\/magison.si\/?author=1"},"uagb_comment_info":0,"uagb_excerpt":"Svetovanje pri odlo\u010ditvah o finan\u010dnem poslovanju Na\u0161e izku\u0161nje v zvezi s finan\u010dnim poslovanjem&nbsp; so visoko [&hellip;]","_links":{"self":[{"href":"https:\/\/magison.si\/index.php?rest_route=\/wp\/v2\/pages\/895","targetHints":{"allow":["GET"]}}],"collection":[{"href":"https:\/\/magison.si\/index.php?rest_route=\/wp\/v2\/pages"}],"about":[{"href":"https:\/\/magison.si\/index.php?rest_route=\/wp\/v2\/types\/page"}],"author":[{"embeddable":true,"href":"https:\/\/magison.si\/index.php?rest_route=\/wp\/v2\/users\/1"}],"replies":[{"embeddable":true,"href":"https:\/\/magison.si\/index.php?rest_route=%2Fwp%2Fv2%2Fcomments&post=895"}],"version-history":[{"count":5,"href":"https:\/\/magison.si\/index.php?rest_route=\/wp\/v2\/pages\/895\/revisions"}],"predecessor-version":[{"id":1859,"href":"https:\/\/magison.si\/index.php?rest_route=\/wp\/v2\/pages\/895\/revisions\/1859"}],"up":[{"embeddable":true,"href":"https:\/\/magison.si\/index.php?rest_route=\/wp\/v2\/pages\/875"}],"wp:attachment":[{"href":"https:\/\/magison.si\/index.php?rest_route=%2Fwp%2Fv2%2Fmedia&parent=895"}],"curies":[{"name":"wp","href":"https:\/\/api.w.org\/{rel}","templated":true}]}}