{"id":880,"date":"2023-01-17T21:52:49","date_gmt":"2023-01-17T21:52:49","guid":{"rendered":"https:\/\/magison.si\/?page_id=880"},"modified":"2023-03-26T18:13:51","modified_gmt":"2023-03-26T18:13:51","slug":"kontroling","status":"publish","type":"page","link":"https:\/\/magison.si\/?page_id=880","title":{"rendered":"Kontroling"},"content":{"rendered":"\n<figure class=\"wp-block-image aligncenter size-full is-resized\"><img decoding=\"async\" src=\"https:\/\/magison.si\/wp-content\/uploads\/2023\/03\/PentljaT.png\" alt=\"\" class=\"wp-image-1797\" width=\"170\"\/><\/figure>\n\n\n\n<h2 class=\"has-text-align-center has-text-color wp-block-heading\" style=\"color:#7030a0\"><strong>Kontroling<\/strong><\/h2>\n\n\n\n<div class=\"wp-block-group has-text-color is-layout-constrained wp-block-group-is-layout-constrained\" style=\"color:#000066\">\n<p class=\"justify\">Dobro <strong>poznavanje in spremljanje finan\u010dnega polo\u017eaja in finan\u010dnega poslovanja podjetja<\/strong> ter odstopanja od \u017eelenih scenarijev v rednem, vsakdanjem poslovanju, je izjemnega pomena tudi z vidika uspe\u0161nega teko\u010dega vodenja podjetja in zagotavljanja teko\u010de pla\u010dilne sposobnosti. Sodoben poslovodja si \u017eeli zaznati morebitna neugodna finan\u010dna gibanja tedensko ali celo dnevno.<\/p>\n\n\n\n<figure class=\"wp-block-image alignleft size-full is-resized\"><img loading=\"lazy\" decoding=\"async\" src=\"https:\/\/magison.si\/wp-content\/uploads\/2023\/01\/0200-24.jpg\" alt=\"\" class=\"wp-image-815\" width=\"201\" height=\"301\" srcset=\"https:\/\/magison.si\/wp-content\/uploads\/2023\/01\/0200-24.jpg 601w, https:\/\/magison.si\/wp-content\/uploads\/2023\/01\/0200-24-200x300.jpg 200w\" sizes=\"auto, (max-width: 201px) 100vw, 201px\" \/><\/figure>\n\n\n\n<p class=\"justify\"><strong>Pravo\u010dasna in kvalitetna informacija<\/strong> o finan\u010dnem stanju v podjetju, o prihodkih in stro\u0161kih pri klju\u010dnih izdelkih\/storitvah, terjatvah, obveznostih\u2026&nbsp; ter informacije o prihodnjih tveganjih, so suho zlato za uspe\u0161no vodenje podjetja in zagotavljanje teko\u010de pla\u010dilne sposobnosti. Sprotne informacije morajo biti kratke in jedrnate (po mo\u017enosti na strani, dveh), predvsem pa morajo <strong>zaznati poslovne probleme<\/strong> in odstopanja od \u017eelenih vrednosti in <strong>nevarnosti za pla\u010dilno sposobnos<\/strong>t.<\/p>\n<\/div>\n\n\n\n<div class=\"wp-block-group is-layout-constrained wp-block-group-is-layout-constrained\">\n<div style=\"height:27px\" aria-hidden=\"true\" class=\"wp-block-spacer\"><\/div>\n\n\n\n<p class=\"has-text-color\" style=\"color:#000066\">Ponudimo vam lahko naslednje storitve:<\/p>\n\n\n\n<ul class=\"check has-text-color wp-block-list\" style=\"color:#7030a0\">\n<li>Izdelava mese\u010dnih\/kvartalnih\/polletnih\/letnih\/ve\u010dletnih analiz poslovanja in finan\u010dnega polo\u017eaja<\/li>\n\n\n\n<li>Izdelava mese\u010dnih\/kvartalnih\/polletnih\/letnih\/ve\u010dletnih planov poslovanja<\/li>\n\n\n\n<li>Stro\u0161kovne analize in kalkulacije lastne cene (analize po stro\u0161kovnih mestih in nosilcih)<\/li>\n\n\n\n<li>Redno spremljanje kapitalske ustreznosti in pla\u010dilne sposobnosti<\/li>\n\n\n\n<li>Spremljanje in upravljanje tveganj<\/li>\n\n\n\n<li>Analize in upravljanje obratnega kapitala<\/li>\n\n\n\n<li>Oblikovanje sistema rednega spremljanja finan\u010dnega poslovanja in polo\u017eaja<\/li>\n<\/ul>\n\n\n\n<p class=\"has-text-color\" style=\"color:#000066\">Po dogovoru vam lahko pripravimo tudi druge potrebne analize za pomo\u010d pri va\u0161em sprotnem spremljanju finan\u010dnega&nbsp; poslovanja\/kontrolingu.<\/p>\n<\/div>\n\n\n\n<div class=\"wp-block-group has-text-color is-layout-constrained wp-block-group-is-layout-constrained\" style=\"color:#7030a0\">\n<p><strong><em>Imate dodatna vpra\u0161anja? Vas zanima ve\u010d?<\/em><\/strong><\/p>\n\n\n\n<p><strong><em>Pi\u0161ite nam, pokli\u010dite nas in potrudili se bomo najti ustrezne strokovne re\u0161itve za vas.<\/em><\/strong><\/p>\n\n\n\n<div style=\"height:100px\" aria-hidden=\"true\" class=\"wp-block-spacer\"><\/div>\n<\/div>\n","protected":false},"excerpt":{"rendered":"<p>Kontroling Dobro poznavanje in spremljanje finan\u010dnega polo\u017eaja in finan\u010dnega poslovanja podjetja ter odstopanja od \u017eelenih [&hellip;]<\/p>\n","protected":false},"author":1,"featured_media":0,"parent":866,"menu_order":2,"comment_status":"closed","ping_status":"closed","template":"","meta":{"_uag_custom_page_level_css":"","footnotes":""},"class_list":["post-880","page","type-page","status-publish","hentry"],"yoast_head":"<!-- This site is optimized with the Yoast SEO plugin v20.4 - https:\/\/yoast.com\/wordpress\/plugins\/seo\/ -->\n<title>Kontroling - Magison Svetovanje<\/title>\n<meta name=\"robots\" content=\"index, follow, max-snippet:-1, max-image-preview:large, max-video-preview:-1\" \/>\n<link rel=\"canonical\" href=\"https:\/\/magison.si\/?page_id=880\" \/>\n<meta property=\"og:locale\" content=\"en_US\" \/>\n<meta property=\"og:type\" content=\"article\" \/>\n<meta property=\"og:title\" content=\"Kontroling - Magison Svetovanje\" \/>\n<meta property=\"og:description\" content=\"Kontroling Dobro poznavanje in spremljanje finan\u010dnega polo\u017eaja in finan\u010dnega poslovanja podjetja ter odstopanja od \u017eelenih [&hellip;]\" \/>\n<meta property=\"og:url\" content=\"https:\/\/magison.si\/?page_id=880\" \/>\n<meta property=\"og:site_name\" content=\"Magison Svetovanje\" \/>\n<meta property=\"article:modified_time\" content=\"2023-03-26T18:13:51+00:00\" \/>\n<meta property=\"og:image\" content=\"https:\/\/magison.si\/wp-content\/uploads\/2023\/03\/PentljaT.png\" \/>\n<meta name=\"twitter:card\" content=\"summary_large_image\" \/>\n<meta name=\"twitter:label1\" content=\"Est. reading time\" \/>\n\t<meta name=\"twitter:data1\" content=\"1 minute\" \/>\n<script type=\"application\/ld+json\" class=\"yoast-schema-graph\">{\"@context\":\"https:\/\/schema.org\",\"@graph\":[{\"@type\":\"WebPage\",\"@id\":\"https:\/\/magison.si\/?page_id=880\",\"url\":\"https:\/\/magison.si\/?page_id=880\",\"name\":\"Kontroling - Magison Svetovanje\",\"isPartOf\":{\"@id\":\"https:\/\/magison.si\/#website\"},\"datePublished\":\"2023-01-17T21:52:49+00:00\",\"dateModified\":\"2023-03-26T18:13:51+00:00\",\"breadcrumb\":{\"@id\":\"https:\/\/magison.si\/?page_id=880#breadcrumb\"},\"inLanguage\":\"en-US\",\"potentialAction\":[{\"@type\":\"ReadAction\",\"target\":[\"https:\/\/magison.si\/?page_id=880\"]}]},{\"@type\":\"BreadcrumbList\",\"@id\":\"https:\/\/magison.si\/?page_id=880#breadcrumb\",\"itemListElement\":[{\"@type\":\"ListItem\",\"position\":1,\"name\":\"Home\",\"item\":\"https:\/\/magison.si\/\"},{\"@type\":\"ListItem\",\"position\":2,\"name\":\"Poslovno-finan\u010dno svetovanje &#8211; storitve\",\"item\":\"https:\/\/magison.si\/?page_id=866\"},{\"@type\":\"ListItem\",\"position\":3,\"name\":\"Kontroling\"}]},{\"@type\":\"WebSite\",\"@id\":\"https:\/\/magison.si\/#website\",\"url\":\"https:\/\/magison.si\/\",\"name\":\"Magison Svetovanje\",\"description\":\"\",\"publisher\":{\"@id\":\"https:\/\/magison.si\/#organization\"},\"potentialAction\":[{\"@type\":\"SearchAction\",\"target\":{\"@type\":\"EntryPoint\",\"urlTemplate\":\"https:\/\/magison.si\/?s={search_term_string}\"},\"query-input\":\"required name=search_term_string\"}],\"inLanguage\":\"en-US\"},{\"@type\":\"Organization\",\"@id\":\"https:\/\/magison.si\/#organization\",\"name\":\"Magison Svetovanje\",\"url\":\"https:\/\/magison.si\/\",\"logo\":{\"@type\":\"ImageObject\",\"inLanguage\":\"en-US\",\"@id\":\"https:\/\/magison.si\/#\/schema\/logo\/image\/\",\"url\":\"https:\/\/magison.si\/wp-content\/uploads\/2023\/01\/ZNAK-MAGISON.jpg\",\"contentUrl\":\"https:\/\/magison.si\/wp-content\/uploads\/2023\/01\/ZNAK-MAGISON.jpg\",\"width\":1634,\"height\":542,\"caption\":\"Magison Svetovanje\"},\"image\":{\"@id\":\"https:\/\/magison.si\/#\/schema\/logo\/image\/\"}}]}<\/script>\n<!-- \/ Yoast SEO plugin. -->","yoast_head_json":{"title":"Kontroling - Magison Svetovanje","robots":{"index":"index","follow":"follow","max-snippet":"max-snippet:-1","max-image-preview":"max-image-preview:large","max-video-preview":"max-video-preview:-1"},"canonical":"https:\/\/magison.si\/?page_id=880","og_locale":"en_US","og_type":"article","og_title":"Kontroling - Magison Svetovanje","og_description":"Kontroling Dobro poznavanje in spremljanje finan\u010dnega polo\u017eaja in finan\u010dnega poslovanja podjetja ter odstopanja od \u017eelenih [&hellip;]","og_url":"https:\/\/magison.si\/?page_id=880","og_site_name":"Magison Svetovanje","article_modified_time":"2023-03-26T18:13:51+00:00","og_image":[{"url":"https:\/\/magison.si\/wp-content\/uploads\/2023\/03\/PentljaT.png"}],"twitter_card":"summary_large_image","twitter_misc":{"Est. reading time":"1 minute"},"schema":{"@context":"https:\/\/schema.org","@graph":[{"@type":"WebPage","@id":"https:\/\/magison.si\/?page_id=880","url":"https:\/\/magison.si\/?page_id=880","name":"Kontroling - Magison Svetovanje","isPartOf":{"@id":"https:\/\/magison.si\/#website"},"datePublished":"2023-01-17T21:52:49+00:00","dateModified":"2023-03-26T18:13:51+00:00","breadcrumb":{"@id":"https:\/\/magison.si\/?page_id=880#breadcrumb"},"inLanguage":"en-US","potentialAction":[{"@type":"ReadAction","target":["https:\/\/magison.si\/?page_id=880"]}]},{"@type":"BreadcrumbList","@id":"https:\/\/magison.si\/?page_id=880#breadcrumb","itemListElement":[{"@type":"ListItem","position":1,"name":"Home","item":"https:\/\/magison.si\/"},{"@type":"ListItem","position":2,"name":"Poslovno-finan\u010dno svetovanje &#8211; storitve","item":"https:\/\/magison.si\/?page_id=866"},{"@type":"ListItem","position":3,"name":"Kontroling"}]},{"@type":"WebSite","@id":"https:\/\/magison.si\/#website","url":"https:\/\/magison.si\/","name":"Magison Svetovanje","description":"","publisher":{"@id":"https:\/\/magison.si\/#organization"},"potentialAction":[{"@type":"SearchAction","target":{"@type":"EntryPoint","urlTemplate":"https:\/\/magison.si\/?s={search_term_string}"},"query-input":"required name=search_term_string"}],"inLanguage":"en-US"},{"@type":"Organization","@id":"https:\/\/magison.si\/#organization","name":"Magison Svetovanje","url":"https:\/\/magison.si\/","logo":{"@type":"ImageObject","inLanguage":"en-US","@id":"https:\/\/magison.si\/#\/schema\/logo\/image\/","url":"https:\/\/magison.si\/wp-content\/uploads\/2023\/01\/ZNAK-MAGISON.jpg","contentUrl":"https:\/\/magison.si\/wp-content\/uploads\/2023\/01\/ZNAK-MAGISON.jpg","width":1634,"height":542,"caption":"Magison Svetovanje"},"image":{"@id":"https:\/\/magison.si\/#\/schema\/logo\/image\/"}}]}},"uagb_featured_image_src":{"full":false,"thumbnail":false,"medium":false,"medium_large":false,"large":false,"1536x1536":false,"2048x2048":false},"uagb_author_info":{"display_name":"admin","author_link":"https:\/\/magison.si\/?author=1"},"uagb_comment_info":0,"uagb_excerpt":"Kontroling Dobro poznavanje in spremljanje finan\u010dnega polo\u017eaja in finan\u010dnega poslovanja podjetja ter odstopanja od \u017eelenih [&hellip;]","_links":{"self":[{"href":"https:\/\/magison.si\/index.php?rest_route=\/wp\/v2\/pages\/880","targetHints":{"allow":["GET"]}}],"collection":[{"href":"https:\/\/magison.si\/index.php?rest_route=\/wp\/v2\/pages"}],"about":[{"href":"https:\/\/magison.si\/index.php?rest_route=\/wp\/v2\/types\/page"}],"author":[{"embeddable":true,"href":"https:\/\/magison.si\/index.php?rest_route=\/wp\/v2\/users\/1"}],"replies":[{"embeddable":true,"href":"https:\/\/magison.si\/index.php?rest_route=%2Fwp%2Fv2%2Fcomments&post=880"}],"version-history":[{"count":9,"href":"https:\/\/magison.si\/index.php?rest_route=\/wp\/v2\/pages\/880\/revisions"}],"predecessor-version":[{"id":1806,"href":"https:\/\/magison.si\/index.php?rest_route=\/wp\/v2\/pages\/880\/revisions\/1806"}],"up":[{"embeddable":true,"href":"https:\/\/magison.si\/index.php?rest_route=\/wp\/v2\/pages\/866"}],"wp:attachment":[{"href":"https:\/\/magison.si\/index.php?rest_route=%2Fwp%2Fv2%2Fmedia&parent=880"}],"curies":[{"name":"wp","href":"https:\/\/api.w.org\/{rel}","templated":true}]}}