{"id":875,"date":"2023-01-17T21:51:39","date_gmt":"2023-01-17T21:51:39","guid":{"rendered":"https:\/\/magison.si\/?page_id=875"},"modified":"2023-11-11T15:37:57","modified_gmt":"2023-11-11T15:37:57","slug":"poslovodstvo-nadzorni-svet-in-financno-poslovanje","status":"publish","type":"page","link":"https:\/\/magison.si\/?page_id=875","title":{"rendered":"Poslovodstvo, nadzorni svet in finan\u010dno poslovanje"},"content":{"rendered":"\n<div class=\"wp-block-group is-layout-constrained wp-block-group-is-layout-constrained\">\n<style>\n.sidenav {\nbackground:#ffff;  \n  z-index:0;\n  margin:0 auto;\n  \/*border:1px solid red;*\/\n  width:20%;\npadding-right:3em;\n  position:fixed;  \n  right:0;\n  top: 35%;\n}\nul.check {\n  list-style: none;\n}\nul.check li:before {\n  content: '\\2714\\0020';\n}\n\nli a{color: #1583DD}\nli a:hover {\n  color: #000066 !important;\n}\n\n@media screen and (max-width: 1200px)  \n{     \n.sidenav { display: none; }  \n}\n<\/style>\n<div class=\"sidenav\">\n<ul class=\"Bcheck\">\n<li><a href=\"https:\/\/magison.si\/?page_id=887\">Delavnice in posveti: Finan\u010dno poslovanje podjetij in naloge ter odgovornost poslovodstev ter nadzornih svetov<\/a><\/li>\n<li><a href=\"https:\/\/magison.si\/?page_id=889\">Predavanja in seminarji: Finan\u010dno poslovanje podjetij in naloge ter odgovornost poslovodstev ter nadzornih svetov<\/a><\/li>\n<li><a href=\"https:\/\/magison.si\/?page_id=891\">\u0160tudija o kapitalski ustreznosti in pla\u010dilni sposobnosti podjetja ter potrebnih in mo\u017enih ukrepih<\/a><\/li>\n<li><a href=\"https:\/\/magison.si\/?page_id=893\">Redno spremljanje in upravljanje kapitalske ustreznosti, pla\u010dilne sposobnosti ter tveganj<\/a><\/li>\n<li><a href=\"https:\/\/magison.si\/?page_id=895\">Svetovanje pri odlo\u010ditvah o finan\u010dnem poslovanju<\/a><\/li>\n<\/ul>\n<\/div>\n\n\n\n<figure class=\"wp-block-image aligncenter size-full is-resized\"><img loading=\"lazy\" decoding=\"async\" width=\"210\" height=\"49\" src=\"https:\/\/magison.si\/wp-content\/uploads\/2023\/03\/PentljaT.png\" alt=\"\" class=\"wp-image-1797\" style=\"width:170px\"\/><\/figure>\n\n\n\n<h2 class=\"wp-block-heading has-text-align-center has-text-color\" style=\"color:#7030a0\"><strong>Poslovodstvo, nadzorni svet in finan\u010dno poslovanje<\/strong><\/h2>\n<\/div>\n\n\n\n<div class=\"wp-block-group justify has-text-color is-layout-constrained wp-block-group-is-layout-constrained\" style=\"color:#000066\">\n<p class=\"justify\">V Sloveniji podro\u010dje finan\u010dnega poslovanja podjetij ureja <strong>Zakon o finan\u010dnem poslovanju, postopkih zaradi insolventnosti in prisilnem prenehanju<\/strong> (<strong>ZFPPIPP<\/strong>), ki postavlja zahteve podjetjem in njihovim odgovornim osebam. Osnovna vsebinska zahteva ZFPPIPP v zvezi s finan\u010dnim poslovanjem podjetij je <strong>pla\u010dilna sposobnost podjetja<\/strong>, ki predstavlja tako finan\u010dno stanje podjetja, v katerem je podjetje vedno sposobno poravnati vse svoje zapadle obveznosti. Pla\u010dilna sposobnost podjetja je minimalen standard finan\u010dnega poslovanja, ki ga mora podjetje vedno dosegati.<\/p>\n\n\n\n<figure class=\"wp-block-image aligncenter size-large is-resized\"><img loading=\"lazy\" decoding=\"async\" width=\"1024\" height=\"629\" src=\"https:\/\/magison.si\/wp-content\/uploads\/2023\/01\/0200-5-1024x629.jpg\" alt=\"\" class=\"wp-image-821\" style=\"width:587px;height:360px\" srcset=\"https:\/\/magison.si\/wp-content\/uploads\/2023\/01\/0200-5-1024x629.jpg 1024w, https:\/\/magison.si\/wp-content\/uploads\/2023\/01\/0200-5-300x184.jpg 300w, https:\/\/magison.si\/wp-content\/uploads\/2023\/01\/0200-5-768x471.jpg 768w, https:\/\/magison.si\/wp-content\/uploads\/2023\/01\/0200-5.jpg 1466w\" sizes=\"auto, (max-width: 1024px) 100vw, 1024px\" \/><\/figure>\n\n\n\n<p class=\"justify\">Poslovodstvo podjetja si je vedno dol\u017eno prizadevati za pla\u010dilno sposobnost podjetja. Vrsto in obseg ravnanj ter ukrepe v zvezi s tem predpisujejo:<\/p>\n\n\n\n<ul class=\"justify wp-block-list\">\n<li><strong>Pravila poslovnofinan\u010dne stroke<\/strong>, ki so zapisana v Poslovnofinan\u010dnih na\u010delih in standardih. Gre za zapis pravil o organiziranju in delovanju finan\u010dne funkcije, logiki finan\u010dnega odlo\u010danja, oblikovanju informacij zanj ter izvajanju finan\u010dnih odlo\u010ditev, z namenom zagotavljati pla\u010dilno sposobnost podjetja in dosegati druge finan\u010dne cilje podjetja.<\/li>\n\n\n\n<li><strong>ZFPPIPP<\/strong>, ki poslovodstvu nalaga dol\u017enosti upravljanja likvidnostnih in drugih tveganj ter zagotavljanja kapitalske ustreznosti.<\/li>\n<\/ul>\n\n\n\n<figure class=\"wp-block-image alignright is-resized\"><img loading=\"lazy\" decoding=\"async\" width=\"300\" height=\"200\" src=\"https:\/\/magison.si\/wp-content\/uploads\/2023\/01\/0200-6-300x200.jpg\" alt=\"\" class=\"wp-image-822\" style=\"width:323px;height:215px\" srcset=\"https:\/\/magison.si\/wp-content\/uploads\/2023\/01\/0200-6-300x200.jpg 300w, https:\/\/magison.si\/wp-content\/uploads\/2023\/01\/0200-6-768x511.jpg 768w, https:\/\/magison.si\/wp-content\/uploads\/2023\/01\/0200-6.jpg 901w\" sizes=\"auto, (max-width: 300px) 100vw, 300px\" \/><\/figure>\n\n\n\n<p class=\"justify\">Pravila poslovnofinan\u010dne stroke in dol\u017enosti iz ZFPPIPP mora poslovodstvo izvajati skladno s standardom <strong>profesionalne skrbnosti kot dober in skrben gospodar<\/strong>. Zato mora poslovodja pravila in dol\u017enosti najprej <strong>dobro poznati<\/strong> in jih nato tudi <strong>skrbno<\/strong> <strong>izvajati<\/strong>. Zato sodi poznavanje tematike finan\u010dnega poslovanja med osnovna in nujna \u00bbsplo\u0161na znanja\u00ab in \u00bbprakso\u00ab vsakega poslovodje.<\/p>\n<\/div>\n\n\n\n<div class=\"wp-block-group justify has-text-color is-layout-constrained wp-block-group-is-layout-constrained\" style=\"color:#000066\">\n<p>Klju\u010dna zakonska razloga za profesionalno-skrbno poslovnofina\u010dno delovanje poslovodstva sta dva.<\/p>\n\n\n\n<ol class=\"justify wp-block-list\">\n<li><strong>Zagotavljanje pla\u010dilne sposobnosti podjetja<\/strong> kot minimalnega zakonskega standarda finan\u010dnega poslovanja podjetja, ki poslovodstvom obenem omogo\u010da tudi kvalitetnej\u0161e vodenje podjetja in doseganje bolj\u0161ih poslovnih rezultatov ter drugih pomembnih (finan\u010dnih) ciljev podjetja.<\/li>\n\n\n\n<li><strong>Od\u0161kodninska odgovornost poslovodstva za \u0161kodo<\/strong>, ki jo poslovodstvo povzro\u010di dru\u017ebi, \u010de pri finan\u010dnem poslovanju ni ravnalo bodisi po Pravilih poslovnofinan\u010dne stroke ali skladno s predpisanimi dol\u017enostmi po ZFPPIPP oziroma pri ravnanju ni upo\u0161tevalo standarda profesionalne skrbnosti.&nbsp; V \u0161kodnih primerih lahko dru\u017eba zoper poslovodstvo uveljavlja solidarno osebno od\u0161kodninsko odgovornost po ve\u010d zakonih (po ZFPPIPP, ZGD in OZ). Od\u0161kodninska odgovornost poslovodstva v ve\u010dini primerov ni omejena navzgor.<\/li>\n<\/ol>\n<\/div>\n\n\n\n<div class=\"wp-block-group justify has-text-color is-layout-constrained wp-block-group-is-layout-constrained\" style=\"color:#000066\">\n<figure class=\"wp-block-image alignleft size-full is-resized\"><img loading=\"lazy\" decoding=\"async\" width=\"1015\" height=\"622\" src=\"https:\/\/magison.si\/wp-content\/uploads\/2023\/01\/0200-7.jpg\" alt=\"\" class=\"wp-image-823\" style=\"width:434px;height:265px\" srcset=\"https:\/\/magison.si\/wp-content\/uploads\/2023\/01\/0200-7.jpg 1015w, https:\/\/magison.si\/wp-content\/uploads\/2023\/01\/0200-7-300x184.jpg 300w, https:\/\/magison.si\/wp-content\/uploads\/2023\/01\/0200-7-768x471.jpg 768w\" sizes=\"auto, (max-width: 1015px) 100vw, 1015px\" \/><\/figure>\n\n\n\n<p class=\"justify\">V praksi ugotavljamo, da marsikateri poslovodja podro\u010dju finan\u010dnega poslovanja ne posve\u010da dovolj\u0161nje pozornosti niti z vsebinskega vidika pri vodenju podjetja niti z vidika od\u0161kodninske odgovornosti. To lahko vodi v pomanjkljivo vodenje podjetja in slab\u0161e poslovne rezultate, v nekaterih primerih v pla\u010dilno nesposobnost, v skrajnih primerih pa k no\u010dnim moram, povezanim z uveljavljanjem osebne od\u0161kodninske odgovornosti. Zato je poznavanje zakonskih okvirov delovanja odgovornih oseb v zvezi s finan\u010dnim poslovanjem mo\u010dno priporo\u010dljivo.<\/p>\n<\/div>\n\n\n\n<div class=\"wp-block-group has-text-color is-layout-constrained wp-block-group-is-layout-constrained\" style=\"color:#000066\">\n<p>So vam poznane naslednje vsebine v zvezi s finan\u010dnim poslovanjem?<\/p>\n\n\n\n<ol style=\"list-style-type:1\" class=\"justify wp-block-list\">\n<li><strong>Finan\u010dno poslovanje podjetij<\/strong>: Finance in poslovne finance; Zakonske podlage finan\u010dnega poslovanja podjetja; Cilji finan\u010dne funkcije v podjetju; Finan\u010dna politika podjetja; Organizacija finan\u010dne funkcije; Usklajenost finan\u010dne funkcije s strategijo podjetja in ostalimi poslovnimi funkcijami; Zagotavljanje finan\u010dnih sredstev; Upravljanje s finan\u010dnimi sredstvi; Upravljanje z viri finan\u010dnih sredstev; Razporejanje virov finan\u010dnih sredstev.<\/li>\n\n\n\n<li><strong>Kratkoro\u010dna in dolgoro\u010dna pla\u010dilna sposobnost<\/strong>: Kapitalska ustreznost; Dolgoro\u010dni viri financiranja; Na\u010delo likvidnega poslovanja; Na\u010delo solventnega poslovanja; Na\u010delo kapitalske ustreznosti.<\/li>\n\n\n\n<li><strong>Na\u010dini zagotavljanja kratkoro\u010dne in dolgoro\u010dne pla\u010dilne sposobnosti<\/strong>: Dolgoro\u010dno in kratkoro\u010dno finan\u010dno na\u010drtovanje, spremljanje in analiziranje; Gospodarjenje z nalo\u017ebami in obveznostmi; Dolgoro\u010dno in kratkoro\u010dno (de)investiranje in (de)financiranje; Redno spremljanje likvidnosti; Upravljanje tveganj.<\/li>\n\n\n\n<li><strong>Obseg kapitala<\/strong>: Optimalni obseg kapitala; Dejanski obseg kapitala; Obratni kapital; Dejanski obseg obratnega kapitala; Rezerva obratnega kapitala; Potrebni obseg obratnega kapitala; Ustrezna struktura kapitala; Ukrepi za zagotavljanje kapitalske ustreznosti.<\/li>\n\n\n\n<li><strong>Investiranje: <\/strong>Dolgoro\u010dno investiranje;<strong>&nbsp; <\/strong>Kratkoro\u010dno investiranje; Na\u010dela investiranja, na\u010drtovanje in sodila.<\/li>\n\n\n\n<li><strong>Financiranje kratkoro\u010dnih&nbsp; in dolgoro\u010dnih investicij: <\/strong>Dolgoro\u010dno financiranje;<strong>&nbsp; <\/strong>Kratkoro\u010dno financiranje; Na\u010dela financiranja; Viri financiranja; Na\u010drtovanje financiranja; Sodila financiranja.<br><img loading=\"lazy\" decoding=\"async\" src=\"https:\/\/magison.si\/wp-content\/uploads\/2023\/01\/0200-8.jpg\" alt=\"\" width=\"300\" height=\"200\"><\/li>\n\n\n\n<li><strong>Pove\u010devanje vrednosti lastni\u0161kega kapitala<\/strong>: Cilji imetnikov lastni\u0161kega kapitala; Donosnost poslovanja; Rast poslovanja; To\u010dka preloma; Poslovni vzvod; Finan\u010dni vzvod; Stro\u0161ki financiranja; Strategija pove\u010devanja vrednosti podjetja.<\/li>\n\n\n\n<li><strong>ZFPPIPP in Temeljne obveznosti poslovodstva<\/strong>.<\/li>\n\n\n\n<li><strong>Upravljanje likvidnostnih tveganj<\/strong>: Zagotavljanje kapitalske ustreznosti; Kreditno, tr\u017eno, operativno tveganje; Na\u010drt in ukrepi obvladovanja tveganj.<\/li>\n\n\n\n<li><strong>Pravila poslovnofinan\u010dne stroke<\/strong>: Poslovnofinan\u010dna na\u010dela in standardi; Osnovni pojmi; Podro\u010dja finan\u010dnega odlo\u010danja; Logika finan\u010dnega odlo\u010danja; Organizacija finan\u010dne funkcije.<\/li>\n\n\n\n<li><strong>Od\u0161kodninska odgovornost<\/strong>: Od\u0161kodninska poslovna odgovornost; Od\u0161kodninska neposlovna odgovornost; Predpostavke od\u0161kodninske odgovornosti; Od\u0161kodninska odgovornost do dru\u017ebe; Od\u0161kodninska odgovornost do upnikov; Od\u0161kodninska odgovornost po ZFPPIPP, po ZGD, po OZ; Od\u0161kodninska odgovornost v rednem poslovanju podjetja; Od\u0161kodninska odgovornost v ste\u010dajnem postopku.<\/li>\n\n\n\n<li><strong>Obligacija prizadevanja<\/strong>: Profesionalna skrbnost poslovnofinan\u010dne stroke; Skrbnost vestnega in po\u0161tenega gospodarstvenika; Opustitev dol\u017enih ravnanj.<\/li>\n\n\n\n<li><strong>Razbremenitev od\u0161kodninske odgovornosti<\/strong>.<\/li>\n\n\n\n<li><strong>Insolventnost<\/strong>: Kaj je groze\u010da insolventnost, kaj insolventnost in kdaj nastopita; Dol\u017enosti poslovodstva; Finan\u010dno prestrukturiranje.<\/li>\n<\/ol>\n<\/div>\n\n\n\n<div class=\"wp-block-group justify has-text-color is-layout-constrained wp-block-group-is-layout-constrained\" style=\"color:#000066\">\n<p class=\"justify\">\u010ce vam je precej\u0161en del navedenih pojmov tuj in jih ne zmorete povezati v logi\u010dno celoto, potem se je modro seznaniti z zahtevami ZFPPIPP, Pravili poslovnofinan\u010dne stroke in vzpostaviti sisteme za spremljanje kapitalske ustreznosti, pla\u010dilne sposobnosti in tveganj v zvezi s tem. Poznavanje in uporaba Pravil poslovnofinan\u010dne stroke vam bo, kot odgovorni osebi, v veliko pomo\u010d pri vodenju podjetja. Tako boste lahko kvalitetno na\u010drtovali finan\u010dno poslovanje, pravo\u010dasno zaznali motnje v finan\u010dnem poslovanju ter se primerno in v skladu z ZFPPIPP tudi odzvali, diagnosticirali prave probleme, na\u0161li ustrezne re\u0161itve ter obenem prepre\u010dili potencialne od\u0161kodninske to\u017ebe.<\/p>\n\n\n\n<p class=\"justify\">Tudi <strong>nadzorni svet<\/strong> ima po ZFPPIPP predpisane dol\u017enosti v zvezi s finan\u010dnim poslovanjem (preverjanje pla\u010dilne sposobnosti in ravnanj uprave), obenem pa je dru\u017ebi tudi solidarno odgovoren za nastalo \u0161kodo v primerih, ko kr\u0161i svoje dol\u017enosti. Zato je tudi za \u010dlane nadzornih svetov priporo\u010dljivo poznavanje dol\u017enosti pri finan\u010dnem poslovanju.<\/p>\n<\/div>\n\n\n\n<div class=\"wp-block-group justify has-text-color is-layout-constrained wp-block-group-is-layout-constrained\" style=\"color:#000066\">\n<figure class=\"wp-block-image alignleft\"><img loading=\"lazy\" decoding=\"async\" width=\"300\" height=\"200\" src=\"https:\/\/magison.si\/wp-content\/uploads\/2023\/01\/0200-9-300x200.jpg\" alt=\"\" class=\"wp-image-800\" srcset=\"https:\/\/magison.si\/wp-content\/uploads\/2023\/01\/0200-9-300x200.jpg 300w, https:\/\/magison.si\/wp-content\/uploads\/2023\/01\/0200-9-1024x683.jpg 1024w, https:\/\/magison.si\/wp-content\/uploads\/2023\/01\/0200-9-768x512.jpg 768w, https:\/\/magison.si\/wp-content\/uploads\/2023\/01\/0200-9.jpg 1116w\" sizes=\"auto, (max-width: 300px) 100vw, 300px\" \/><\/figure>\n\n\n\n<p class=\"justify\">Na osnovi dolgoletnih izku\u0161enj, strokovnih znanj, poznavanja zakonodaje, postopkov in sodne prakse, vam v povezavi s tematiko finan\u010dnega poslovanja in dol\u017enosti ter odgovornosti poslovodstev in nadzornih svetov, <strong>ponujamo raznovrstne delavnice, posvete, predavanja in seminarje<\/strong>, kjer vas seznanimo predvsem s prakti\u010dnimi vidiki tem, ki so za va\u0161e podjetje najpomembnej\u0161i.<\/p>\n<\/div>\n\n\n\n<div class=\"wp-block-group has-text-color is-layout-constrained wp-block-group-is-layout-constrained\" style=\"color:#000066\">\n<ul class=\"check justify wp-block-list\">\n<li><strong>Delavnice\/posveti<\/strong> ter <strong>Predavanja\/seminarji<\/strong> o temah, ki se nana\u0161ajo na <strong>Finan\u010dno poslovanje podjetij in naloge ter odgovornost poslovodstev ter nadzornih svetov<\/strong>. Teme delavnic in predavanj pokrivajo osnovne pojme finan\u010dnega poslovanja, zakonskih okvirov le-tega, pomembnej\u0161a podro\u010dja finan\u010dnega poslovanja in logiko finan\u010dnega odlo\u010danja, tematiko potrebne profesionalne skrbnosti poslovodij in njihove obveznosti ter odgovornosti in zaznavanje finan\u010dnih te\u017eav ter osnove finan\u010dnega poslovanja ob insolventnosti.<\/li>\n<\/ul>\n<\/div>\n\n\n\n<div class=\"wp-block-group has-text-color is-layout-constrained wp-block-group-is-layout-constrained\" style=\"color:#000066\">\n<p class=\"justify\">Ponujamo pa vam tudi strokovno pomo\u010d in <strong>storitve pri snovanju ter izvajanju aktivnosti, ki so povezane z dol\u017enostmi poslovodij<\/strong> v finan\u010dnem poslovanju.<\/p>\n\n\n\n<ul class=\"check justify wp-block-list\">\n<li><strong>\u0160tudije o kapitalski ustreznosti in pla\u010dilni sposobnosti podjetja ter potrebnih in mo\u017enih ukrepih<\/strong><\/li>\n\n\n\n<li><strong>Redno spremljanje in upravljanje kapitalske ustreznosti, pla\u010dilne sposobnosti ter tveganj (kreditno, tr\u017eno, operativno in likvidnostno tveganje) <\/strong><\/li>\n\n\n\n<li><strong>Svetovanje pri odlo\u010ditvah o finan\u010dnem poslovanju<\/strong><\/li>\n<\/ul>\n<\/div>\n\n\n\n<figure class=\"wp-block-image size-large\"><img loading=\"lazy\" decoding=\"async\" width=\"1024\" height=\"384\" src=\"https:\/\/magison.si\/wp-content\/uploads\/2023\/01\/0200-10-1024x384.jpg\" alt=\"\" class=\"wp-image-801\" srcset=\"https:\/\/magison.si\/wp-content\/uploads\/2023\/01\/0200-10-1024x384.jpg 1024w, https:\/\/magison.si\/wp-content\/uploads\/2023\/01\/0200-10-300x112.jpg 300w, https:\/\/magison.si\/wp-content\/uploads\/2023\/01\/0200-10-768x288.jpg 768w, https:\/\/magison.si\/wp-content\/uploads\/2023\/01\/0200-10.jpg 1342w\" sizes=\"auto, (max-width: 1024px) 100vw, 1024px\" \/><\/figure>\n\n\n\n<p class=\"justify has-text-color\" style=\"color:#000066\">Poznavanje tematike finan\u010dnega poslovanja sodi med osnovna in nujna \u00bbsplo\u0161na znanja\u00ab in \u00bbprakso\u00ab vsakega poslovodje, zato so obravnavane teme namenjene poslovodjem, ki se zavedajo povezanosti finan\u010dnega poslovanja z vsemi podro\u010dji poslovanja podjetja ter svoje odgovornosti pri vodenju podjetja.<\/p>\n\n\n\n<div class=\"wp-block-group has-text-color is-layout-constrained wp-block-group-is-layout-constrained\" style=\"color:#7030a0\">\n<p><strong><em>Imate dodatna vpra\u0161anja? Vas zanima ve\u010d?<\/em><\/strong><\/p>\n\n\n\n<p><strong><em>Pi\u0161ite nam, pokli\u010dite nas in potrudili se bomo najti ustrezne strokovne re\u0161itve za vas.<\/em><\/strong><\/p>\n<\/div>\n\n\n\n<div style=\"height:93px\" aria-hidden=\"true\" class=\"wp-block-spacer\"><\/div>\n","protected":false},"excerpt":{"rendered":"<p>Delavnice in posveti: Finan\u010dno poslovanje podjetij in naloge ter odgovornost poslovodstev ter nadzornih svetov Predavanja [&hellip;]<\/p>\n","protected":false},"author":1,"featured_media":0,"parent":866,"menu_order":0,"comment_status":"closed","ping_status":"closed","template":"","meta":{"_uag_custom_page_level_css":"","footnotes":""},"class_list":["post-875","page","type-page","status-publish","hentry"],"yoast_head":"<!-- This site is optimized with the Yoast SEO plugin v20.4 - https:\/\/yoast.com\/wordpress\/plugins\/seo\/ -->\n<title>Poslovodstvo, nadzorni svet in finan\u010dno poslovanje - Magison Svetovanje<\/title>\n<meta name=\"robots\" content=\"index, follow, max-snippet:-1, max-image-preview:large, max-video-preview:-1\" \/>\n<link rel=\"canonical\" href=\"https:\/\/magison.si\/?page_id=875\" \/>\n<meta property=\"og:locale\" content=\"en_US\" \/>\n<meta property=\"og:type\" content=\"article\" \/>\n<meta property=\"og:title\" content=\"Poslovodstvo, nadzorni svet in finan\u010dno poslovanje - Magison Svetovanje\" \/>\n<meta property=\"og:description\" content=\"Delavnice in posveti: Finan\u010dno poslovanje podjetij in naloge ter odgovornost poslovodstev ter nadzornih svetov Predavanja [&hellip;]\" \/>\n<meta property=\"og:url\" content=\"https:\/\/magison.si\/?page_id=875\" \/>\n<meta property=\"og:site_name\" content=\"Magison Svetovanje\" \/>\n<meta property=\"article:modified_time\" content=\"2023-11-11T15:37:57+00:00\" \/>\n<meta property=\"og:image\" content=\"https:\/\/magison.si\/wp-content\/uploads\/2023\/03\/PentljaT.png\" \/>\n<meta name=\"twitter:card\" content=\"summary_large_image\" \/>\n<script type=\"application\/ld+json\" class=\"yoast-schema-graph\">{\"@context\":\"https:\/\/schema.org\",\"@graph\":[{\"@type\":\"WebPage\",\"@id\":\"https:\/\/magison.si\/?page_id=875\",\"url\":\"https:\/\/magison.si\/?page_id=875\",\"name\":\"Poslovodstvo, nadzorni svet in finan\u010dno poslovanje - Magison Svetovanje\",\"isPartOf\":{\"@id\":\"https:\/\/magison.si\/#website\"},\"datePublished\":\"2023-01-17T21:51:39+00:00\",\"dateModified\":\"2023-11-11T15:37:57+00:00\",\"breadcrumb\":{\"@id\":\"https:\/\/magison.si\/?page_id=875#breadcrumb\"},\"inLanguage\":\"en-US\",\"potentialAction\":[{\"@type\":\"ReadAction\",\"target\":[\"https:\/\/magison.si\/?page_id=875\"]}]},{\"@type\":\"BreadcrumbList\",\"@id\":\"https:\/\/magison.si\/?page_id=875#breadcrumb\",\"itemListElement\":[{\"@type\":\"ListItem\",\"position\":1,\"name\":\"Home\",\"item\":\"https:\/\/magison.si\/\"},{\"@type\":\"ListItem\",\"position\":2,\"name\":\"Poslovno-finan\u010dno svetovanje &#8211; storitve\",\"item\":\"https:\/\/magison.si\/?page_id=866\"},{\"@type\":\"ListItem\",\"position\":3,\"name\":\"Poslovodstvo, nadzorni svet in finan\u010dno poslovanje\"}]},{\"@type\":\"WebSite\",\"@id\":\"https:\/\/magison.si\/#website\",\"url\":\"https:\/\/magison.si\/\",\"name\":\"Magison Svetovanje\",\"description\":\"\",\"publisher\":{\"@id\":\"https:\/\/magison.si\/#organization\"},\"potentialAction\":[{\"@type\":\"SearchAction\",\"target\":{\"@type\":\"EntryPoint\",\"urlTemplate\":\"https:\/\/magison.si\/?s={search_term_string}\"},\"query-input\":\"required name=search_term_string\"}],\"inLanguage\":\"en-US\"},{\"@type\":\"Organization\",\"@id\":\"https:\/\/magison.si\/#organization\",\"name\":\"Magison Svetovanje\",\"url\":\"https:\/\/magison.si\/\",\"logo\":{\"@type\":\"ImageObject\",\"inLanguage\":\"en-US\",\"@id\":\"https:\/\/magison.si\/#\/schema\/logo\/image\/\",\"url\":\"https:\/\/magison.si\/wp-content\/uploads\/2023\/01\/ZNAK-MAGISON.jpg\",\"contentUrl\":\"https:\/\/magison.si\/wp-content\/uploads\/2023\/01\/ZNAK-MAGISON.jpg\",\"width\":1634,\"height\":542,\"caption\":\"Magison Svetovanje\"},\"image\":{\"@id\":\"https:\/\/magison.si\/#\/schema\/logo\/image\/\"}}]}<\/script>\n<!-- \/ Yoast SEO plugin. -->","yoast_head_json":{"title":"Poslovodstvo, nadzorni svet in finan\u010dno poslovanje - Magison Svetovanje","robots":{"index":"index","follow":"follow","max-snippet":"max-snippet:-1","max-image-preview":"max-image-preview:large","max-video-preview":"max-video-preview:-1"},"canonical":"https:\/\/magison.si\/?page_id=875","og_locale":"en_US","og_type":"article","og_title":"Poslovodstvo, nadzorni svet in finan\u010dno poslovanje - Magison Svetovanje","og_description":"Delavnice in posveti: Finan\u010dno poslovanje podjetij in naloge ter odgovornost poslovodstev ter nadzornih svetov Predavanja [&hellip;]","og_url":"https:\/\/magison.si\/?page_id=875","og_site_name":"Magison Svetovanje","article_modified_time":"2023-11-11T15:37:57+00:00","og_image":[{"url":"https:\/\/magison.si\/wp-content\/uploads\/2023\/03\/PentljaT.png"}],"twitter_card":"summary_large_image","schema":{"@context":"https:\/\/schema.org","@graph":[{"@type":"WebPage","@id":"https:\/\/magison.si\/?page_id=875","url":"https:\/\/magison.si\/?page_id=875","name":"Poslovodstvo, nadzorni svet in finan\u010dno poslovanje - Magison Svetovanje","isPartOf":{"@id":"https:\/\/magison.si\/#website"},"datePublished":"2023-01-17T21:51:39+00:00","dateModified":"2023-11-11T15:37:57+00:00","breadcrumb":{"@id":"https:\/\/magison.si\/?page_id=875#breadcrumb"},"inLanguage":"en-US","potentialAction":[{"@type":"ReadAction","target":["https:\/\/magison.si\/?page_id=875"]}]},{"@type":"BreadcrumbList","@id":"https:\/\/magison.si\/?page_id=875#breadcrumb","itemListElement":[{"@type":"ListItem","position":1,"name":"Home","item":"https:\/\/magison.si\/"},{"@type":"ListItem","position":2,"name":"Poslovno-finan\u010dno svetovanje &#8211; storitve","item":"https:\/\/magison.si\/?page_id=866"},{"@type":"ListItem","position":3,"name":"Poslovodstvo, nadzorni svet in finan\u010dno poslovanje"}]},{"@type":"WebSite","@id":"https:\/\/magison.si\/#website","url":"https:\/\/magison.si\/","name":"Magison Svetovanje","description":"","publisher":{"@id":"https:\/\/magison.si\/#organization"},"potentialAction":[{"@type":"SearchAction","target":{"@type":"EntryPoint","urlTemplate":"https:\/\/magison.si\/?s={search_term_string}"},"query-input":"required name=search_term_string"}],"inLanguage":"en-US"},{"@type":"Organization","@id":"https:\/\/magison.si\/#organization","name":"Magison Svetovanje","url":"https:\/\/magison.si\/","logo":{"@type":"ImageObject","inLanguage":"en-US","@id":"https:\/\/magison.si\/#\/schema\/logo\/image\/","url":"https:\/\/magison.si\/wp-content\/uploads\/2023\/01\/ZNAK-MAGISON.jpg","contentUrl":"https:\/\/magison.si\/wp-content\/uploads\/2023\/01\/ZNAK-MAGISON.jpg","width":1634,"height":542,"caption":"Magison Svetovanje"},"image":{"@id":"https:\/\/magison.si\/#\/schema\/logo\/image\/"}}]}},"uagb_featured_image_src":{"full":false,"thumbnail":false,"medium":false,"medium_large":false,"large":false,"1536x1536":false,"2048x2048":false},"uagb_author_info":{"display_name":"admin","author_link":"https:\/\/magison.si\/?author=1"},"uagb_comment_info":0,"uagb_excerpt":"Delavnice in posveti: Finan\u010dno poslovanje podjetij in naloge ter odgovornost poslovodstev ter nadzornih svetov Predavanja [&hellip;]","_links":{"self":[{"href":"https:\/\/magison.si\/index.php?rest_route=\/wp\/v2\/pages\/875","targetHints":{"allow":["GET"]}}],"collection":[{"href":"https:\/\/magison.si\/index.php?rest_route=\/wp\/v2\/pages"}],"about":[{"href":"https:\/\/magison.si\/index.php?rest_route=\/wp\/v2\/types\/page"}],"author":[{"embeddable":true,"href":"https:\/\/magison.si\/index.php?rest_route=\/wp\/v2\/users\/1"}],"replies":[{"embeddable":true,"href":"https:\/\/magison.si\/index.php?rest_route=%2Fwp%2Fv2%2Fcomments&post=875"}],"version-history":[{"count":75,"href":"https:\/\/magison.si\/index.php?rest_route=\/wp\/v2\/pages\/875\/revisions"}],"predecessor-version":[{"id":1908,"href":"https:\/\/magison.si\/index.php?rest_route=\/wp\/v2\/pages\/875\/revisions\/1908"}],"up":[{"embeddable":true,"href":"https:\/\/magison.si\/index.php?rest_route=\/wp\/v2\/pages\/866"}],"wp:attachment":[{"href":"https:\/\/magison.si\/index.php?rest_route=%2Fwp%2Fv2%2Fmedia&parent=875"}],"curies":[{"name":"wp","href":"https:\/\/api.w.org\/{rel}","templated":true}]}}