{"id":1400,"date":"2023-03-02T20:34:57","date_gmt":"2023-03-02T20:34:57","guid":{"rendered":"https:\/\/magison.si\/?page_id=1400"},"modified":"2023-11-30T21:05:47","modified_gmt":"2023-11-30T21:05:47","slug":"svetovanja-pri-insolventnosti","status":"publish","type":"page","link":"https:\/\/magison.si\/?page_id=1400","title":{"rendered":"Svetovanja pri groze\u010di insolventnosti in pri insolventnosti"},"content":{"rendered":"\n<h3 class=\"wp-block-heading has-text-align-center has-text-color\" style=\"color:#1583dd\"><strong>Svetovanje pri groze\u010di insolventnosti in pri insolventnosti<\/strong><\/h3>\n\n\n\n<div class=\"wp-block-group is-layout-constrained wp-block-group-is-layout-constrained\">\n<figure class=\"wp-block-image aligncenter size-large is-resized\"><img loading=\"lazy\" decoding=\"async\" width=\"1024\" height=\"512\" src=\"https:\/\/magison.si\/wp-content\/uploads\/2023\/03\/400-21-1024x512.jpg\" alt=\"\" class=\"wp-image-1451\" style=\"width:616px;height:308px\" srcset=\"https:\/\/magison.si\/wp-content\/uploads\/2023\/03\/400-21-1024x512.jpg 1024w, https:\/\/magison.si\/wp-content\/uploads\/2023\/03\/400-21-300x150.jpg 300w, https:\/\/magison.si\/wp-content\/uploads\/2023\/03\/400-21-768x384.jpg 768w, https:\/\/magison.si\/wp-content\/uploads\/2023\/03\/400-21.jpg 1183w\" sizes=\"auto, (max-width: 1024px) 100vw, 1024px\" \/><\/figure>\n\n\n\n<ul style=\"color:#000066\" class=\"justify has-text-color wp-block-list\">\n<li><em>Katere <strong>postopke in aktivnosti moram kot poslovodja izvesti<\/strong> potem, ko sem ugotovil, da podjetju <strong>grozi insolventnost<\/strong>?<\/em><\/li>\n\n\n\n<li><em>Katere <strong>postopke in aktivnosti moram kot poslovodja izvesti<\/strong> potem, ko sem ugotovil <strong>insolventnost<\/strong> podjetja?<\/em><\/li>\n\n\n\n<li><strong><em>Kako se lotiti sanacije (groze\u010de) insolventnosti<\/em><\/strong><em>?<\/em><\/li>\n\n\n\n<li><em>Se kot poslovodja spra\u0161ujete, kak\u0161na je va\u0161a <strong>od\u0161kodninska odgovornost<\/strong> v&nbsp; povezavi z insolventnostjo?<\/em><\/li>\n\n\n\n<li><em>\u017delite <strong>odgovor na konkretno vpra\u0161anje, ki vas v zvezi z insolventnostjo \u0161e posebej mu\u010di<\/strong>?<\/em><\/li>\n<\/ul>\n\n\n\n<p class=\"justify has-text-color\" style=\"color:#7030a0\">Na\u0161e <strong>izku\u0161nje v zvezi z insolventnostjo so zelo celovite <\/strong>in <strong>med najbogatej\u0161imi v Sloveniji, <\/strong>o \u010demer pri\u010da<strong> 170 opravljenih projektov <\/strong>v zvezi z insolven\u010dnimi postopki. Tudi za vas bomo na\u0161li pravi nasvet ali odgovor.<\/p>\n<\/div>\n\n\n\n<div class=\"wp-block-group has-text-color is-layout-constrained wp-block-group-is-layout-constrained\" style=\"color:#7030a0\">\n<p><strong><em>Pi\u0161ite nam, pokli\u010dite nas, povpra\u0161ajte za ponudbo.<\/em><\/strong><\/p>\n\n\n\n<div style=\"height:100px\" aria-hidden=\"true\" class=\"wp-block-spacer\"><\/div>\n<\/div>\n","protected":false},"excerpt":{"rendered":"<p>Svetovanje pri groze\u010di insolventnosti in pri insolventnosti Na\u0161e izku\u0161nje v zvezi z insolventnostjo so zelo [&hellip;]<\/p>\n","protected":false},"author":1,"featured_media":0,"parent":1366,"menu_order":5,"comment_status":"closed","ping_status":"closed","template":"","meta":{"_uag_custom_page_level_css":"","footnotes":""},"class_list":["post-1400","page","type-page","status-publish","hentry"],"yoast_head":"<!-- This site is optimized with the Yoast SEO plugin v20.4 - https:\/\/yoast.com\/wordpress\/plugins\/seo\/ -->\n<title>Svetovanja pri groze\u010di insolventnosti in pri insolventnosti - Magison Svetovanje<\/title>\n<meta name=\"robots\" content=\"index, follow, max-snippet:-1, max-image-preview:large, max-video-preview:-1\" \/>\n<link rel=\"canonical\" href=\"https:\/\/magison.si\/?page_id=1400\" \/>\n<meta property=\"og:locale\" content=\"en_US\" \/>\n<meta property=\"og:type\" content=\"article\" \/>\n<meta property=\"og:title\" content=\"Svetovanja pri groze\u010di insolventnosti in pri insolventnosti - Magison Svetovanje\" \/>\n<meta property=\"og:description\" content=\"Svetovanje pri groze\u010di insolventnosti in pri insolventnosti Na\u0161e izku\u0161nje v zvezi z insolventnostjo so zelo [&hellip;]\" \/>\n<meta property=\"og:url\" content=\"https:\/\/magison.si\/?page_id=1400\" \/>\n<meta property=\"og:site_name\" content=\"Magison Svetovanje\" \/>\n<meta property=\"article:modified_time\" content=\"2023-11-30T21:05:47+00:00\" \/>\n<meta property=\"og:image\" content=\"https:\/\/magison.si\/wp-content\/uploads\/2023\/03\/400-21-1024x512.jpg\" \/>\n<meta name=\"twitter:card\" content=\"summary_large_image\" \/>\n<script type=\"application\/ld+json\" class=\"yoast-schema-graph\">{\"@context\":\"https:\/\/schema.org\",\"@graph\":[{\"@type\":\"WebPage\",\"@id\":\"https:\/\/magison.si\/?page_id=1400\",\"url\":\"https:\/\/magison.si\/?page_id=1400\",\"name\":\"Svetovanja pri groze\u010di insolventnosti in pri insolventnosti - Magison Svetovanje\",\"isPartOf\":{\"@id\":\"https:\/\/magison.si\/#website\"},\"datePublished\":\"2023-03-02T20:34:57+00:00\",\"dateModified\":\"2023-11-30T21:05:47+00:00\",\"breadcrumb\":{\"@id\":\"https:\/\/magison.si\/?page_id=1400#breadcrumb\"},\"inLanguage\":\"en-US\",\"potentialAction\":[{\"@type\":\"ReadAction\",\"target\":[\"https:\/\/magison.si\/?page_id=1400\"]}]},{\"@type\":\"BreadcrumbList\",\"@id\":\"https:\/\/magison.si\/?page_id=1400#breadcrumb\",\"itemListElement\":[{\"@type\":\"ListItem\",\"position\":1,\"name\":\"Home\",\"item\":\"https:\/\/magison.si\/\"},{\"@type\":\"ListItem\",\"position\":2,\"name\":\"Podjetje v finan\u010dnih te\u017eavah \u2013 svetovanje in storitve\",\"item\":\"https:\/\/magison.si\/?page_id=835\"},{\"@type\":\"ListItem\",\"position\":3,\"name\":\"Analize, poro\u010dila in ukrepi pri (groze\u010di) insolventnosti\",\"item\":\"https:\/\/magison.si\/?page_id=1366\"},{\"@type\":\"ListItem\",\"position\":4,\"name\":\"Svetovanja pri groze\u010di insolventnosti in pri insolventnosti\"}]},{\"@type\":\"WebSite\",\"@id\":\"https:\/\/magison.si\/#website\",\"url\":\"https:\/\/magison.si\/\",\"name\":\"Magison Svetovanje\",\"description\":\"\",\"publisher\":{\"@id\":\"https:\/\/magison.si\/#organization\"},\"potentialAction\":[{\"@type\":\"SearchAction\",\"target\":{\"@type\":\"EntryPoint\",\"urlTemplate\":\"https:\/\/magison.si\/?s={search_term_string}\"},\"query-input\":\"required name=search_term_string\"}],\"inLanguage\":\"en-US\"},{\"@type\":\"Organization\",\"@id\":\"https:\/\/magison.si\/#organization\",\"name\":\"Magison Svetovanje\",\"url\":\"https:\/\/magison.si\/\",\"logo\":{\"@type\":\"ImageObject\",\"inLanguage\":\"en-US\",\"@id\":\"https:\/\/magison.si\/#\/schema\/logo\/image\/\",\"url\":\"https:\/\/magison.si\/wp-content\/uploads\/2023\/01\/ZNAK-MAGISON.jpg\",\"contentUrl\":\"https:\/\/magison.si\/wp-content\/uploads\/2023\/01\/ZNAK-MAGISON.jpg\",\"width\":1634,\"height\":542,\"caption\":\"Magison Svetovanje\"},\"image\":{\"@id\":\"https:\/\/magison.si\/#\/schema\/logo\/image\/\"}}]}<\/script>\n<!-- \/ Yoast SEO plugin. -->","yoast_head_json":{"title":"Svetovanja pri groze\u010di insolventnosti in pri insolventnosti - Magison Svetovanje","robots":{"index":"index","follow":"follow","max-snippet":"max-snippet:-1","max-image-preview":"max-image-preview:large","max-video-preview":"max-video-preview:-1"},"canonical":"https:\/\/magison.si\/?page_id=1400","og_locale":"en_US","og_type":"article","og_title":"Svetovanja pri groze\u010di insolventnosti in pri insolventnosti - Magison Svetovanje","og_description":"Svetovanje pri groze\u010di insolventnosti in pri insolventnosti Na\u0161e izku\u0161nje v zvezi z insolventnostjo so zelo [&hellip;]","og_url":"https:\/\/magison.si\/?page_id=1400","og_site_name":"Magison Svetovanje","article_modified_time":"2023-11-30T21:05:47+00:00","og_image":[{"url":"https:\/\/magison.si\/wp-content\/uploads\/2023\/03\/400-21-1024x512.jpg"}],"twitter_card":"summary_large_image","schema":{"@context":"https:\/\/schema.org","@graph":[{"@type":"WebPage","@id":"https:\/\/magison.si\/?page_id=1400","url":"https:\/\/magison.si\/?page_id=1400","name":"Svetovanja pri groze\u010di insolventnosti in pri insolventnosti - Magison Svetovanje","isPartOf":{"@id":"https:\/\/magison.si\/#website"},"datePublished":"2023-03-02T20:34:57+00:00","dateModified":"2023-11-30T21:05:47+00:00","breadcrumb":{"@id":"https:\/\/magison.si\/?page_id=1400#breadcrumb"},"inLanguage":"en-US","potentialAction":[{"@type":"ReadAction","target":["https:\/\/magison.si\/?page_id=1400"]}]},{"@type":"BreadcrumbList","@id":"https:\/\/magison.si\/?page_id=1400#breadcrumb","itemListElement":[{"@type":"ListItem","position":1,"name":"Home","item":"https:\/\/magison.si\/"},{"@type":"ListItem","position":2,"name":"Podjetje v finan\u010dnih te\u017eavah \u2013 svetovanje in storitve","item":"https:\/\/magison.si\/?page_id=835"},{"@type":"ListItem","position":3,"name":"Analize, poro\u010dila in ukrepi pri (groze\u010di) insolventnosti","item":"https:\/\/magison.si\/?page_id=1366"},{"@type":"ListItem","position":4,"name":"Svetovanja pri groze\u010di insolventnosti in pri insolventnosti"}]},{"@type":"WebSite","@id":"https:\/\/magison.si\/#website","url":"https:\/\/magison.si\/","name":"Magison Svetovanje","description":"","publisher":{"@id":"https:\/\/magison.si\/#organization"},"potentialAction":[{"@type":"SearchAction","target":{"@type":"EntryPoint","urlTemplate":"https:\/\/magison.si\/?s={search_term_string}"},"query-input":"required name=search_term_string"}],"inLanguage":"en-US"},{"@type":"Organization","@id":"https:\/\/magison.si\/#organization","name":"Magison Svetovanje","url":"https:\/\/magison.si\/","logo":{"@type":"ImageObject","inLanguage":"en-US","@id":"https:\/\/magison.si\/#\/schema\/logo\/image\/","url":"https:\/\/magison.si\/wp-content\/uploads\/2023\/01\/ZNAK-MAGISON.jpg","contentUrl":"https:\/\/magison.si\/wp-content\/uploads\/2023\/01\/ZNAK-MAGISON.jpg","width":1634,"height":542,"caption":"Magison Svetovanje"},"image":{"@id":"https:\/\/magison.si\/#\/schema\/logo\/image\/"}}]}},"uagb_featured_image_src":{"full":false,"thumbnail":false,"medium":false,"medium_large":false,"large":false,"1536x1536":false,"2048x2048":false},"uagb_author_info":{"display_name":"admin","author_link":"https:\/\/magison.si\/?author=1"},"uagb_comment_info":0,"uagb_excerpt":"Svetovanje pri groze\u010di insolventnosti in pri insolventnosti Na\u0161e izku\u0161nje v zvezi z insolventnostjo so zelo [&hellip;]","_links":{"self":[{"href":"https:\/\/magison.si\/index.php?rest_route=\/wp\/v2\/pages\/1400","targetHints":{"allow":["GET"]}}],"collection":[{"href":"https:\/\/magison.si\/index.php?rest_route=\/wp\/v2\/pages"}],"about":[{"href":"https:\/\/magison.si\/index.php?rest_route=\/wp\/v2\/types\/page"}],"author":[{"embeddable":true,"href":"https:\/\/magison.si\/index.php?rest_route=\/wp\/v2\/users\/1"}],"replies":[{"embeddable":true,"href":"https:\/\/magison.si\/index.php?rest_route=%2Fwp%2Fv2%2Fcomments&post=1400"}],"version-history":[{"count":7,"href":"https:\/\/magison.si\/index.php?rest_route=\/wp\/v2\/pages\/1400\/revisions"}],"predecessor-version":[{"id":2062,"href":"https:\/\/magison.si\/index.php?rest_route=\/wp\/v2\/pages\/1400\/revisions\/2062"}],"up":[{"embeddable":true,"href":"https:\/\/magison.si\/index.php?rest_route=\/wp\/v2\/pages\/1366"}],"wp:attachment":[{"href":"https:\/\/magison.si\/index.php?rest_route=%2Fwp%2Fv2%2Fmedia&parent=1400"}],"curies":[{"name":"wp","href":"https:\/\/api.w.org\/{rel}","templated":true}]}}