{"id":1370,"date":"2023-03-02T20:28:33","date_gmt":"2023-03-02T20:28:33","guid":{"rendered":"https:\/\/magison.si\/?page_id=1370"},"modified":"2023-11-16T17:14:00","modified_gmt":"2023-11-16T17:14:00","slug":"postopek-preventivnega-prestrukturiranja","status":"publish","type":"page","link":"https:\/\/magison.si\/?page_id=1370","title":{"rendered":"Postopek preventivnega prestrukturiranja"},"content":{"rendered":"\n<figure class=\"wp-block-image aligncenter size-full is-resized\"><img loading=\"lazy\" decoding=\"async\" width=\"210\" height=\"49\" src=\"https:\/\/magison.si\/wp-content\/uploads\/2023\/03\/PentljaT.png\" alt=\"\" class=\"wp-image-1797\" style=\"width:170px\"\/><\/figure>\n\n\n\n<h2 class=\"wp-block-heading has-text-align-center has-text-color\" style=\"color:#7030a0\"><strong>Postopek preventivnega prestrukturiranja<\/strong><\/h2>\n\n\n<style>\n.sidenav {\nbackground:#ffff;  \n  z-index:0;\n  margin:0 auto;\n  \/*border:1px solid red;*\/\n  width:20%;\npadding-right:3em;\n  position:fixed;  \n  right:0;\n  top: 35%;\n}\nul.check {\n  list-style: none;\n}\nul.check li:before {\n  content: '\\2714\\0020';\n}\n\nli a{color: #1583DD}\nli a:hover {\n  color: #000066 !important;\n}\n\n@media screen and (max-width: 1200px)  \n{     \n.sidenav { display: none; }  \n}\n<\/style>\n<div class=\"sidenav\">\n<ul class=\"Bcheck\">\n<li><a href=\"https:\/\/magison.si\/?page_id=1416\">Svetovanje in analize pri odlo\u010danju o smotrnosti in izvedljivosti postopka preventivnega prestrukturiranja<\/a><\/li>\n<li><a href=\"https:\/\/magison.si\/?page_id=1418\">Priprava dokumentacije za postopek preventivnega prestrukturiranja<\/a><\/li>\n<li><a href=\"https:\/\/magison.si\/?page_id=1420\">Svetovanje poslovodstvu v postopku preventivnega prestrukturiranja<\/a><\/li>\n\n<\/ul>\n<\/div>\n\n\n<div class=\"wp-block-group has-text-color is-layout-constrained wp-block-group-is-layout-constrained\" style=\"color:#000066\">\n<p class=\"justify\">Podjetju, ki \u0161e ni insolventno, predvideva pa, da bo insolventnost v roku enega leta dejansko tudi nastopila, ZFPPIPP omogo\u010da, da <strong>z ukrepom preventivnega prestrukturiranja prepre\u010di nastop insolventnosti.<\/strong><\/p>\n\n\n\n<figure class=\"wp-block-image alignleft size-full is-resized\"><img loading=\"lazy\" decoding=\"async\" width=\"877\" height=\"581\" src=\"https:\/\/magison.si\/wp-content\/uploads\/2023\/03\/400-31.jpg\" alt=\"\" class=\"wp-image-1461\" style=\"width:377px;height:249px\" srcset=\"https:\/\/magison.si\/wp-content\/uploads\/2023\/03\/400-31.jpg 877w, https:\/\/magison.si\/wp-content\/uploads\/2023\/03\/400-31-300x199.jpg 300w, https:\/\/magison.si\/wp-content\/uploads\/2023\/03\/400-31-768x509.jpg 768w\" sizes=\"auto, (max-width: 877px) 100vw, 877px\" \/><\/figure>\n\n\n\n<p class=\"justify\"><strong>Preventivno prestrukturiranje<\/strong> je natan\u010dno predpisan <strong>sodni postopek v zvezi s finan\u010dnimi terjatvami upnikov<\/strong>, ki ga ureja ZFPPIPP (Oddelek 2.3.), katerega osnovni namen je <strong>zagotovitev pla\u010dilne sposobnosti in kapitalske ustreznosti v prihodnje<\/strong> do take mere, da bo podjetje prepre\u010dilo nastanek insolventnosti. Na ta na\u010din poslovodstvo zagotovi obstoj podjetja ter dolo\u010dene bodo\u010de koristi upnikom, ki so na\u010deloma vi\u0161je kot v primeru insolventnosti ali celo ste\u010dajnega postopka.<\/p>\n\n\n\n<p class=\"justify\">\u010ceprav je ta postopek v praksi redek, omogo\u010da dolo\u010dene ukrepe, ki lahko <strong>prepre\u010dijo (ne)predvidene izvr\u0161be finan\u010dnih upnikov<\/strong> in s tem onemogo\u010danje teko\u010dega poslovanja podjetja po eni strani, po drugi pa ukrepe, ki v dogovoru s finan\u010dnimi upniki <strong>omogo\u010dajo finan\u010dno poslovanje in pla\u010dilno sposobnost podjetja v prihodnje<\/strong>.<\/p>\n\n\n\n<p class=\"justify\">Poslovodstvo preventivno prestrukturiranje lahko predlaga in izvede v primerih, ko za tako potezo vidi upravi\u010dene u\u010dinke glede pla\u010dilne sposobnosti in v kolikor izpolnjuje zakonsko predpisane pogoje za izvedbo tovrstnega postopka.&nbsp;<\/p>\n\n\n\n<p class=\"justify\">V tem postopku <strong>podjetje poda predlog finan\u010dnim upnikom<\/strong> za odpis in odlog pla\u010dila terjatev, prenos terjatev na dol\u017enika, zni\u017eanje obresti ali drug potreben ukrep finan\u010dnega prestrukturiranja. Za potrditev takega predloga pa mora pridobiti predpisano ve\u010dino glasov finan\u010dnih upnikov.<\/p>\n\n\n\n<p class=\"justify\">Priprava in izvedba tovrstnega postopka je ekonomsko in pravno gledano zahtevno strokovno opravilo. Potrebno je predvideti izvedljivost postopkov, pripraviti \u0161tevilne dokumente v sodelovanju z revizorjem, usklajevati interese z upniki, v rokih izvajati predpisana ravnanja,&nbsp; izvesti postopke pred sodi\u0161\u010dem, ter vse skupaj usklajevati in izpeljati tako, da bo v korist podjetja.<\/p>\n\n\n\n<p class=\"justify\">Postopek preventivnega prestrukturiranja se v Sloveniji v praksi uporablja le redko, zato poslovodstvo nanj praviloma ni pripravljeno do te mere, da bi ga bilo samo sposobno kvalitetno izpeljati, saj ponavadi nima potrebnih izku\u0161enj o njegovem poteku, vzro\u010dnih povezavah in z ustreznimi gradivi. Podro\u010dje je kompleksno, zahteva visoko strokovnost, polno predanost in natan\u010dnost. Ve\u010dinoma brez strokovne pomo\u010di ustreznih svetovalcev ne gre.<\/p>\n\n\n\n<p class=\"justify\">V primerih, ko je smotrno predvideno insolventnost \u00bbzdraviti\u00ab s postopkom preventivnega prestrukturiranja, vam bomo nudili <strong>kvaliteten nasvet in storitve<\/strong> v zvezi s postopki, stro\u0161ki, izvedljivostjo, dol\u017enostmi, omejitvami in pozitivnimi ter negativnimi stranmi postopka preventivnega prestrukturiranja. Vodili vas bomo skozi postopke, pripravili ustrezno dokumentacijo in koordinirali aktivnosti z drugimi udele\u017eenci postopkov (finan\u010dni upniki, sodi\u0161\u010de, revizor, odvetniki\u2026).<\/p>\n\n\n\n<p class=\"justify\">\u010ce <strong>\u00a0<\/strong>predvidevate, da bo v roku enega leta nastopilo stanje insolventnosti in<strong> se spogledujete s postopkom preventivnega prestrukturiranja finan\u010dnih terjatev <\/strong>upnikov kot ukrepom za prepre\u010ditev nastanka insolventnosti,<strong> vam lahko ponudimo strokovno pomo\u010d pri vseh fazah tega ukrepa<\/strong>.<\/p>\n\n\n\n<ul style=\"color:#7030a0\" class=\"check has-text-color wp-block-list\">\n<li>Svetovanje in storitve pri odlo\u010danju o smotrnosti in izvedljivosti postopka preventivnega prestrukturiranja<\/li>\n\n\n\n<li>Priprava dokumentacije za postopek preventivnega prestrukturiranja<\/li>\n\n\n\n<li>Svetovanje poslovodstvu v postopku preventivnega prestrukturiranja (proceduralna vpra\u0161anja, odnosi z upniki,&nbsp; s sodi\u0161\u010dem, pri poslovanju\u2026)<\/li>\n<\/ul>\n<\/div>\n\n\n\n<div class=\"wp-block-group has-text-color is-layout-constrained wp-block-group-is-layout-constrained\" style=\"color:#7030a0\">\n<p><strong><em>Imate dodatna vpra\u0161anja? Vas zanima ve\u010d?<\/em><\/strong><\/p>\n\n\n\n<p><strong><em>Pi\u0161ite nam, pokli\u010dite nas in potrudili se bomo najti ustrezne strokovne re\u0161itve za vas.<\/em><\/strong><\/p>\n\n\n\n<div style=\"height:100px\" aria-hidden=\"true\" class=\"wp-block-spacer\"><\/div>\n<\/div>\n","protected":false},"excerpt":{"rendered":"<p>Postopek preventivnega prestrukturiranja Svetovanje in analize pri odlo\u010danju o smotrnosti in izvedljivosti postopka preventivnega prestrukturiranja [&hellip;]<\/p>\n","protected":false},"author":1,"featured_media":0,"parent":835,"menu_order":3,"comment_status":"closed","ping_status":"closed","template":"","meta":{"_uag_custom_page_level_css":"","footnotes":""},"class_list":["post-1370","page","type-page","status-publish","hentry"],"yoast_head":"<!-- This site is optimized with the Yoast SEO plugin v20.4 - https:\/\/yoast.com\/wordpress\/plugins\/seo\/ -->\n<title>Postopek preventivnega prestrukturiranja - Magison Svetovanje<\/title>\n<meta name=\"robots\" content=\"index, follow, max-snippet:-1, max-image-preview:large, max-video-preview:-1\" \/>\n<link rel=\"canonical\" href=\"https:\/\/magison.si\/?page_id=1370\" \/>\n<meta property=\"og:locale\" content=\"en_US\" \/>\n<meta property=\"og:type\" content=\"article\" \/>\n<meta property=\"og:title\" content=\"Postopek preventivnega prestrukturiranja - Magison Svetovanje\" \/>\n<meta property=\"og:description\" content=\"Postopek preventivnega prestrukturiranja Svetovanje in analize pri odlo\u010danju o smotrnosti in izvedljivosti postopka preventivnega prestrukturiranja [&hellip;]\" \/>\n<meta property=\"og:url\" content=\"https:\/\/magison.si\/?page_id=1370\" \/>\n<meta property=\"og:site_name\" content=\"Magison Svetovanje\" \/>\n<meta property=\"article:modified_time\" content=\"2023-11-16T17:14:00+00:00\" \/>\n<meta property=\"og:image\" content=\"https:\/\/magison.si\/wp-content\/uploads\/2023\/03\/PentljaT.png\" \/>\n<meta name=\"twitter:card\" content=\"summary_large_image\" \/>\n<meta name=\"twitter:label1\" content=\"Est. reading time\" \/>\n\t<meta name=\"twitter:data1\" content=\"3 minutes\" \/>\n<script type=\"application\/ld+json\" class=\"yoast-schema-graph\">{\"@context\":\"https:\/\/schema.org\",\"@graph\":[{\"@type\":\"WebPage\",\"@id\":\"https:\/\/magison.si\/?page_id=1370\",\"url\":\"https:\/\/magison.si\/?page_id=1370\",\"name\":\"Postopek preventivnega prestrukturiranja - Magison Svetovanje\",\"isPartOf\":{\"@id\":\"https:\/\/magison.si\/#website\"},\"datePublished\":\"2023-03-02T20:28:33+00:00\",\"dateModified\":\"2023-11-16T17:14:00+00:00\",\"breadcrumb\":{\"@id\":\"https:\/\/magison.si\/?page_id=1370#breadcrumb\"},\"inLanguage\":\"en-US\",\"potentialAction\":[{\"@type\":\"ReadAction\",\"target\":[\"https:\/\/magison.si\/?page_id=1370\"]}]},{\"@type\":\"BreadcrumbList\",\"@id\":\"https:\/\/magison.si\/?page_id=1370#breadcrumb\",\"itemListElement\":[{\"@type\":\"ListItem\",\"position\":1,\"name\":\"Home\",\"item\":\"https:\/\/magison.si\/\"},{\"@type\":\"ListItem\",\"position\":2,\"name\":\"Podjetje v finan\u010dnih te\u017eavah \u2013 svetovanje in storitve\",\"item\":\"https:\/\/magison.si\/?page_id=835\"},{\"@type\":\"ListItem\",\"position\":3,\"name\":\"Postopek preventivnega prestrukturiranja\"}]},{\"@type\":\"WebSite\",\"@id\":\"https:\/\/magison.si\/#website\",\"url\":\"https:\/\/magison.si\/\",\"name\":\"Magison Svetovanje\",\"description\":\"\",\"publisher\":{\"@id\":\"https:\/\/magison.si\/#organization\"},\"potentialAction\":[{\"@type\":\"SearchAction\",\"target\":{\"@type\":\"EntryPoint\",\"urlTemplate\":\"https:\/\/magison.si\/?s={search_term_string}\"},\"query-input\":\"required name=search_term_string\"}],\"inLanguage\":\"en-US\"},{\"@type\":\"Organization\",\"@id\":\"https:\/\/magison.si\/#organization\",\"name\":\"Magison Svetovanje\",\"url\":\"https:\/\/magison.si\/\",\"logo\":{\"@type\":\"ImageObject\",\"inLanguage\":\"en-US\",\"@id\":\"https:\/\/magison.si\/#\/schema\/logo\/image\/\",\"url\":\"https:\/\/magison.si\/wp-content\/uploads\/2023\/01\/ZNAK-MAGISON.jpg\",\"contentUrl\":\"https:\/\/magison.si\/wp-content\/uploads\/2023\/01\/ZNAK-MAGISON.jpg\",\"width\":1634,\"height\":542,\"caption\":\"Magison Svetovanje\"},\"image\":{\"@id\":\"https:\/\/magison.si\/#\/schema\/logo\/image\/\"}}]}<\/script>\n<!-- \/ Yoast SEO plugin. -->","yoast_head_json":{"title":"Postopek preventivnega prestrukturiranja - Magison Svetovanje","robots":{"index":"index","follow":"follow","max-snippet":"max-snippet:-1","max-image-preview":"max-image-preview:large","max-video-preview":"max-video-preview:-1"},"canonical":"https:\/\/magison.si\/?page_id=1370","og_locale":"en_US","og_type":"article","og_title":"Postopek preventivnega prestrukturiranja - Magison Svetovanje","og_description":"Postopek preventivnega prestrukturiranja Svetovanje in analize pri odlo\u010danju o smotrnosti in izvedljivosti postopka preventivnega prestrukturiranja [&hellip;]","og_url":"https:\/\/magison.si\/?page_id=1370","og_site_name":"Magison Svetovanje","article_modified_time":"2023-11-16T17:14:00+00:00","og_image":[{"url":"https:\/\/magison.si\/wp-content\/uploads\/2023\/03\/PentljaT.png"}],"twitter_card":"summary_large_image","twitter_misc":{"Est. reading time":"3 minutes"},"schema":{"@context":"https:\/\/schema.org","@graph":[{"@type":"WebPage","@id":"https:\/\/magison.si\/?page_id=1370","url":"https:\/\/magison.si\/?page_id=1370","name":"Postopek preventivnega prestrukturiranja - Magison Svetovanje","isPartOf":{"@id":"https:\/\/magison.si\/#website"},"datePublished":"2023-03-02T20:28:33+00:00","dateModified":"2023-11-16T17:14:00+00:00","breadcrumb":{"@id":"https:\/\/magison.si\/?page_id=1370#breadcrumb"},"inLanguage":"en-US","potentialAction":[{"@type":"ReadAction","target":["https:\/\/magison.si\/?page_id=1370"]}]},{"@type":"BreadcrumbList","@id":"https:\/\/magison.si\/?page_id=1370#breadcrumb","itemListElement":[{"@type":"ListItem","position":1,"name":"Home","item":"https:\/\/magison.si\/"},{"@type":"ListItem","position":2,"name":"Podjetje v finan\u010dnih te\u017eavah \u2013 svetovanje in storitve","item":"https:\/\/magison.si\/?page_id=835"},{"@type":"ListItem","position":3,"name":"Postopek preventivnega prestrukturiranja"}]},{"@type":"WebSite","@id":"https:\/\/magison.si\/#website","url":"https:\/\/magison.si\/","name":"Magison Svetovanje","description":"","publisher":{"@id":"https:\/\/magison.si\/#organization"},"potentialAction":[{"@type":"SearchAction","target":{"@type":"EntryPoint","urlTemplate":"https:\/\/magison.si\/?s={search_term_string}"},"query-input":"required name=search_term_string"}],"inLanguage":"en-US"},{"@type":"Organization","@id":"https:\/\/magison.si\/#organization","name":"Magison Svetovanje","url":"https:\/\/magison.si\/","logo":{"@type":"ImageObject","inLanguage":"en-US","@id":"https:\/\/magison.si\/#\/schema\/logo\/image\/","url":"https:\/\/magison.si\/wp-content\/uploads\/2023\/01\/ZNAK-MAGISON.jpg","contentUrl":"https:\/\/magison.si\/wp-content\/uploads\/2023\/01\/ZNAK-MAGISON.jpg","width":1634,"height":542,"caption":"Magison Svetovanje"},"image":{"@id":"https:\/\/magison.si\/#\/schema\/logo\/image\/"}}]}},"uagb_featured_image_src":{"full":false,"thumbnail":false,"medium":false,"medium_large":false,"large":false,"1536x1536":false,"2048x2048":false},"uagb_author_info":{"display_name":"admin","author_link":"https:\/\/magison.si\/?author=1"},"uagb_comment_info":0,"uagb_excerpt":"Postopek preventivnega prestrukturiranja Svetovanje in analize pri odlo\u010danju o smotrnosti in izvedljivosti postopka preventivnega prestrukturiranja [&hellip;]","_links":{"self":[{"href":"https:\/\/magison.si\/index.php?rest_route=\/wp\/v2\/pages\/1370","targetHints":{"allow":["GET"]}}],"collection":[{"href":"https:\/\/magison.si\/index.php?rest_route=\/wp\/v2\/pages"}],"about":[{"href":"https:\/\/magison.si\/index.php?rest_route=\/wp\/v2\/types\/page"}],"author":[{"embeddable":true,"href":"https:\/\/magison.si\/index.php?rest_route=\/wp\/v2\/users\/1"}],"replies":[{"embeddable":true,"href":"https:\/\/magison.si\/index.php?rest_route=%2Fwp%2Fv2%2Fcomments&post=1370"}],"version-history":[{"count":11,"href":"https:\/\/magison.si\/index.php?rest_route=\/wp\/v2\/pages\/1370\/revisions"}],"predecessor-version":[{"id":1943,"href":"https:\/\/magison.si\/index.php?rest_route=\/wp\/v2\/pages\/1370\/revisions\/1943"}],"up":[{"embeddable":true,"href":"https:\/\/magison.si\/index.php?rest_route=\/wp\/v2\/pages\/835"}],"wp:attachment":[{"href":"https:\/\/magison.si\/index.php?rest_route=%2Fwp%2Fv2%2Fmedia&parent=1370"}],"curies":[{"name":"wp","href":"https:\/\/api.w.org\/{rel}","templated":true}]}}