{"id":1364,"date":"2023-03-02T20:21:33","date_gmt":"2023-03-02T20:21:33","guid":{"rendered":"https:\/\/magison.si\/?page_id=1364"},"modified":"2023-11-30T21:25:08","modified_gmt":"2023-11-30T21:25:08","slug":"poslovodstvo-nadzorni-svet-in-insolventnost","status":"publish","type":"page","link":"https:\/\/magison.si\/?page_id=1364","title":{"rendered":"Poslovodstvo, nadzorni svet in insolventnost"},"content":{"rendered":"\n<figure class=\"wp-block-image aligncenter size-full is-resized\"><img loading=\"lazy\" decoding=\"async\" width=\"210\" height=\"49\" src=\"https:\/\/magison.si\/wp-content\/uploads\/2023\/03\/PentljaT.png\" alt=\"\" class=\"wp-image-1797\"\/><\/figure>\n\n\n\n<h2 class=\"wp-block-heading has-text-align-center has-text-color\" style=\"color:#7030a0\"><strong>Poslovodstvo, nadzorni svet in insolventnost<\/strong><\/h2>\n\n\n<style>\n.sidenav {\nbackground:#ffff;\n  z-index:0;\n  margin:0 auto;\n  \/*border:1px solid red;*\/\n  width:20%;\npadding-right:3em;\n  position:fixed;\n  right:0;\n  top: 35%;\n}\nul.check {<br \/>\n  list-style: none;\n}\nul.check li:before {\n  content: '\\2714\\0020';\n}\nli a{color: #1583DD}\nli a:hover {\n  color: #000066 !important;\n}\n@media screen and (max-width: 1200px)\n{\n.sidenav { display: none; }\n}\n<\/style>\n\n<div class=\"sidenav\">\n<ul class=\"Bcheck\">\n<li><a href=\"https:\/\/magison.si\/?page_id=1424\">Delavnice, predavanja in seminarji: Poslovodstvo, nadzorni svet in insolventnost<\/a><\/li>\n<li><a href=\"https:\/\/magison.si\/?page_id=1380\">\u0160tudija o kapitalski ustreznosti in pla\u010dilni sposobnosti podjetja ter potrebnih in mo\u017enih ukrepih<\/a><\/li>\n<li><a href=\"https:\/\/magison.si\/?page_id=1382\">Redno spremljanje in upravljanje kapitalske ustreznosti, pla\u010dilne sposobnosti ter tveganj<\/a><\/li>\n<li><a href=\"https:\/\/magison.si\/?page_id=1384\">Preliminarna analiza finan\u010dnega polo\u017eaja, mo\u017enih ukrepov in mo\u017enosti za izvedbo prisilne poravnave in postopkov zaradi odprave groze\u010de insolventnosti<\/a><\/li>\n<li><a href=\"https:\/\/magison.si\/?page_id=1386\">Analiza morebitne (groze\u010de) insolventnosti in \u010dasa nastopa le-te<\/a><\/li>\n<li><a href=\"https:\/\/magison.si\/?page_id=1388\">Svetovanje v zvezi z insolventnostjo<\/a><\/li>\n<\/ul>\n<\/div>\n\n\n<div class=\"wp-block-group has-text-color is-layout-constrained wp-block-group-is-layout-constrained\" style=\"color:#000066\">\n<p class=\"justify\">Osnovna zakonsko opredeljena naloga poslovodstva pri finan\u010dnem poslovanju podjetja je njegovo <strong>prizadevanje za pla\u010dilno sposobnost podjetja<\/strong>. Navkljub skrbnemu in profesionalnemu prizadevanju, pa iz razli\u010dnih razlogov v\u010dasih v poslovanju vseeno pride tudi do takih te\u017eav, katerih posledica je pla\u010dilna nesposobnost ali kapitalska neustreznost podjetja \u2013 <strong>insolventnost, kot skrajno neugodno in neza\u017eeleno finan\u010dno stanje podjetja<\/strong>.<\/p>\n\n\n\n<figure class=\"wp-block-image aligncenter size-large is-resized\"><img loading=\"lazy\" decoding=\"async\" width=\"1024\" height=\"683\" src=\"https:\/\/magison.si\/wp-content\/uploads\/2023\/03\/400-4-1024x683.jpg\" alt=\"\" class=\"wp-image-1434\" style=\"width:616px;height:411px\" srcset=\"https:\/\/magison.si\/wp-content\/uploads\/2023\/03\/400-4-1024x683.jpg 1024w, https:\/\/magison.si\/wp-content\/uploads\/2023\/03\/400-4-300x200.jpg 300w, https:\/\/magison.si\/wp-content\/uploads\/2023\/03\/400-4-768x512.jpg 768w, https:\/\/magison.si\/wp-content\/uploads\/2023\/03\/400-4.jpg 1470w\" sizes=\"auto, (max-width: 1024px) 100vw, 1024px\" \/><\/figure>\n<\/div>\n\n\n\n<div class=\"wp-block-group has-text-color is-layout-constrained wp-block-group-is-layout-constrained\" style=\"color:#000066\">\n<p class=\"justify\">V <strong>zvezi s prizadevanji za pla\u010dilno sposobnost in insolventnostjo ZFPPIPP poslovodstvu in nadzornemu svetu nalaga kar nekaj dol\u017enosti, stroka pa nekaj priporo\u010dil<\/strong>, ki jih lahko strnemo v \u0161tiri splo\u0161ne faze o delovanju poslovodstva in nadzornega sveta v zvezi z insolventnostjo, in sicer:<\/p>\n\n\n\n<ol class=\"justify wp-block-list\">\n<li>Poslovodstvo in nadzorni svet si morata prizadevati za krepitev pla\u010dilne sposobnosti podjetja, torej morata <strong>delovati tako, da do insolventnosti sploh ne pride<\/strong>.<\/li>\n\n\n\n<li>V poslovnem \u017eivljenju prihaja do vzponov in nepri\u010dakovanih padcev, zato morata biti poslovodstvo in nadzorni svet <strong>pripravljena tudi na scenarij, ko do insolventnosti podjetja iz kakr\u0161nega koli razloga vseeno pride<\/strong>. Zato je modro, da poslovodstvo \u017ee pred nastankom insolventnosti pridobi klju\u010dna znanja o insolventnosti ter o ravnanju in dol\u017enostih v primeru insolventnosti.<\/li>\n\n\n\n<li>Zaradi pravo\u010dasnega odkrivanja potencialnih te\u017eav s pla\u010dilno sposobnostjo, je dol\u017enost poslovodstva, da <strong>nenehno spremlja dogajanja, ki bi lahko ogrozila nadaljnji obstoj dru\u017ebe<\/strong>. In, \u010de zazna tak razvoj dogodkov, ki bo verjetno bistveno vplival na prihodnjo pla\u010dilno sposobnost dru\u017ebe, <strong>sprejme ustrezne ukrepe<\/strong> finan\u010dnega prestrukturiranja s ciljem odprave vzrokov groze\u010de insolventnosti. O tem poslovodstvo nemudoma <strong>poro\u010da<\/strong> organom nadzora. V kolikor dru\u017ebi grozi insolventnost, je <strong>poslovodstvo omejeno v svojih ravnanjih<\/strong>, saj mora zagotoviti enakopravno obravnavo upnikov, upo\u0161tevati interese upnikov, lastnikov in drugih ter se izogibati ravnanjem, ki bi zmanj\u0161evala premo\u017eenje in ogro\u017eala pre\u017eivetje dru\u017ebe. <\/li>\n\n\n\n<li>\u010ce pride do insolventnosti podjetja, ZFPPIPP poslovodstvu in nadzornemu svetu &nbsp;nalaga dol\u017enosti in mu dolo\u010da prepovedi, vklju\u010dno s predpisanimi izjemno kratkimi roki (30 dni). Takrat mora poslovodstvo kot dober gospodar ustrezno hitro in kvalitetno <strong>ugotoviti stanje insolventnosti podjetja<\/strong>, <strong>analizirati finan\u010dno stanje in mo\u017ene ukrepe<\/strong>, <strong>sprejeti odlo\u010ditve o nadaljnji usodi<\/strong> <strong>podjetja<\/strong>, ter <strong>ravnati skladno s predpisanimi dol\u017enostmi, prepovedmi in roki<\/strong>.  V kolikor poslovodstvo ne vidi mo\u017enosti za re\u0161itev nastalih finan\u010dnih te\u017eav, mora <strong>v 30 dneh od nastanka insolventnosti vlo\u017eiti predlog za za\u010detek ste\u010dajnega postopka<\/strong>. <\/li>\n<\/ol>\n<\/div>\n\n\n\n<div class=\"wp-block-group has-text-color is-layout-constrained wp-block-group-is-layout-constrained\" style=\"color:#000066\">\n<p class=\"justify\">Stara modrost u\u010di, da se je na te\u017eave potrebno pripraviti, preden le-te nastopijo. Zato bo skrben poslovodja \u017ee v \u010dasu debelih krav poskrbel za krepitev pla\u010dilne sposobnosti in kapitalske ustreznosti, da bo podjetje optimalno pripravljeno za primer te\u017eav v poslovanju.&nbsp; Obenem je izjemno pomembno spremljanje klju\u010dnih podro\u010dij poslovanja in tveganj, zgodnje odkrivanje in odprava morebitnih manj\u0161ih poslovnih te\u017eav, ki bi ob neukrepanju lahko vodile v stanje insolventnosti.<\/p>\n\n\n\n<figure class=\"wp-block-image alignleft size-large is-resized\"><img loading=\"lazy\" decoding=\"async\" width=\"1024\" height=\"683\" src=\"https:\/\/magison.si\/wp-content\/uploads\/2023\/03\/400-5-1024x683.jpg\" alt=\"\" class=\"wp-image-1435\" style=\"width:330px;height:220px\" srcset=\"https:\/\/magison.si\/wp-content\/uploads\/2023\/03\/400-5-1024x683.jpg 1024w, https:\/\/magison.si\/wp-content\/uploads\/2023\/03\/400-5-300x200.jpg 300w, https:\/\/magison.si\/wp-content\/uploads\/2023\/03\/400-5-768x513.jpg 768w, https:\/\/magison.si\/wp-content\/uploads\/2023\/03\/400-5.jpg 1239w\" sizes=\"auto, (max-width: 1024px) 100vw, 1024px\" \/><\/figure>\n\n\n\n<p class=\"justify\">Prav tako se bo skrben poslovodja seznanil s problematiko huj\u0161ih te\u017eav v poslovanju in insolventnostjo, ki lahko nastopi nepri\u010dakovano. Sem spadajo vsaj zakonski predpisi (ZFPPIPP, Pravila poslovnofinan\u010dne stroke) o osnovnih pojmih, stanjih, dol\u017enostih, postopkih in ravnanjih ter rokih za morebiten primer insolventnosti.<\/p>\n<\/div>\n\n\n\n<div class=\"wp-block-group has-text-color is-layout-constrained wp-block-group-is-layout-constrained\" style=\"color:#000066\">\n<p class=\"justify\">Skrben <strong>poslovodja bo v zvezi z insolventnostjo \u017eelel vedeti in razumeti<\/strong> vsaj naslednje:<\/p>\n\n\n\n<ul class=\"justify wp-block-list\">\n<li><em>Ve\u010d o naravi, vrstah in zaznavanju <strong>poslovno-finan\u010dnih te\u017eav<\/strong>.<\/em><\/li>\n\n\n\n<li><em>Kaj je groze\u010da <strong>insolventnost<\/strong>, kdaj jo mora ugotoviti in kako?<\/em><\/li>\n\n\n\n<li><em>Kaj je <strong>insolventnost<\/strong>, kdaj jo mora ugotoviti in kako?<\/em><\/li>\n\n\n\n<li><em>Katere <strong>omejitve<\/strong> ima poslovodstvo v poslovanju <strong>v primeru groze\u010de insolventnosti<\/strong>, katera ravnanja je dol\u017eno izvesti in v kak\u0161nih rokih?<\/em><\/li>\n\n\n\n<li><em>Katere <strong>omejitve<\/strong> ima poslovodstvo v poslovanju <strong>v primeru insolventnosti<\/strong>, katera ravnanja je dol\u017eno izvesti in v kak\u0161nih rokih?<\/em><\/li>\n\n\n\n<li><em>Kdo vse so <strong>upniki <\/strong>podjetja?<\/em><\/li>\n\n\n\n<li><em>Kaj so <strong>lo\u010ditveni<\/strong> upniki, <strong>izlo\u010ditveni<\/strong> upniki, <strong>prednostni<\/strong>, <strong>podrejeni<\/strong> in <strong>navadni<\/strong> upniki, kak\u0161ne so njihove zna\u010dilnosti in pravice?<\/em><\/li>\n\n\n\n<li><em>Kdo je upnik na osnovi <strong>vzajemno neizpolnjene dvostranske pogodbe<\/strong>, kak\u0161ne so njegove zna\u010dilnosti in pravice?<\/em><\/li>\n\n\n\n<li>Kaj so <strong>klju\u010dne pogodbe<\/strong> in kak\u0161en je njihov status ob (groze\u010di) insolventnosti<em>?<\/em><\/li>\n\n\n\n<li><em>Kdo je upnik s terjatvijo z <strong>odlo\u017enim pogojem<\/strong>, kak\u0161ne so njegove zna\u010dilnosti in pravice?<\/em><\/li>\n\n\n\n<li><em>Kak\u0161ne so osnovne zna\u010dilnosti <strong>izvr\u0161ilnih postopkov v primeru insolventnosti<\/strong>?<\/em><\/li>\n\n\n\n<li><em>Kak\u0161en naj bodo v primeru te\u017eav <strong>odnosi<\/strong> z upniki, nadzornim svetom, skup\u0161\u010dino?<\/em><\/li>\n\n\n\n<li><em>Kaj pomeni <strong>enako obravnavanje upnikov<\/strong> in nepla\u010devanje obveznosti?<\/em><\/li>\n\n\n\n<li><em>Kaj je <strong>redno poslovanje<\/strong> in prevzemanje obveznosti ter pla\u010dila v zvezi s tem?<\/em><\/li>\n\n\n\n<li><em>Kako naj podjetje ob insolventnosti <strong>sodeluje z dobavitelji<\/strong>, kupci, bankami\u2026?<\/em><\/li>\n\n\n\n<li><em>Kaj je <strong>finan\u010dno prestrukturiranje<\/strong> in kak\u0161ni so ukrepi v zvezi s tem?<\/em><\/li>\n\n\n\n<li><em><strong> Komu poro\u010dati <\/strong>o (groze\u010di) insolventnosti in kdaj?<\/em> Kaj naj vsebuje poro\u010dilo?<\/li>\n\n\n\n<li><em>Kak\u0161no vlogo ima pri insolventnosti <strong>nadzorni svet<\/strong>?<\/em><\/li>\n\n\n\n<li><em>Kak\u0161no vlogo ima pri insolventnosti <strong>skup\u0161\u010dina lastnikov<\/strong>?<\/em><\/li>\n\n\n\n<li><em>V kak\u0161nem primeru in kdaj je potrebno podati <strong>predlog za za\u010detek ste\u010dajnega postopka<\/strong>?<\/em><\/li>\n\n\n\n<li><em>Kaj storiti v primeru, \u010de <strong>upnik poda predlog za za\u010detek insolven\u010dnega postopka<\/strong> (ste\u010daja ali upni\u0161ke prisilne poravnave)?<\/em><\/li>\n\n\n\n<li><em>V kak\u0161nem primeru je <strong>poslovodstvo dol\u017eno podati predlog za za\u010detek postopka prisilne poravnave<\/strong>?<\/em><\/li>\n\n\n\n<li><strong><em>Kdo lahko poda predlog<\/em><\/strong><em> za za\u010detek postopka prisilne poravnave?<\/em><\/li>\n\n\n\n<li><em>Kaj je <strong>prisilna poravnava<\/strong>, kateri so njeni klju\u010dni elementi, kako te\u010de postopek, kdo so udele\u017eenci, kak\u0161ni so stro\u0161ki?<\/em><\/li>\n\n\n\n<li><em>Kaj je <strong>prisilna poravnava<\/strong> <strong>za malo gospodarstvo<\/strong>, kako se razlikuje od prisilne poravnave?<\/em><\/li>\n\n\n\n<li><em>Kako <strong>velikost podjetja<\/strong> vpliva na insolven\u010dne postopke?<\/em><\/li>\n\n\n\n<li><em>Kak\u0161ne so <strong>odgovornosti<\/strong> poslovodstva in nadzornega sveta v primeru insolventnosti?<\/em><\/li>\n\n\n\n<li><em>Kako je podjetje kadrovsko in strokovno ter organizacijsko <strong>usposobljeno za izzive<\/strong> v primeru insolventnosti?<\/em><\/li>\n\n\n\n<li><em>Koga <strong>zadol\u017eiti <\/strong>za posamezna opravila?<\/em><\/li>\n<\/ul>\n<\/div>\n\n\n\n<div class=\"wp-block-group has-text-color is-layout-constrained wp-block-group-is-layout-constrained\" style=\"color:#000066\">\n<figure class=\"wp-block-image size-large\"><img loading=\"lazy\" decoding=\"async\" width=\"1024\" height=\"768\" src=\"https:\/\/magison.si\/wp-content\/uploads\/2023\/03\/400-6-1024x768.jpg\" alt=\"\" class=\"wp-image-1436\" srcset=\"https:\/\/magison.si\/wp-content\/uploads\/2023\/03\/400-6-1024x768.jpg 1024w, https:\/\/magison.si\/wp-content\/uploads\/2023\/03\/400-6-300x225.jpg 300w, https:\/\/magison.si\/wp-content\/uploads\/2023\/03\/400-6-768x576.jpg 768w, https:\/\/magison.si\/wp-content\/uploads\/2023\/03\/400-6.jpg 1163w\" sizes=\"auto, (max-width: 1024px) 100vw, 1024px\" \/><\/figure>\n\n\n\n<p class=\"justify\">\u0160e preden te\u017eave v poslovanju nastopijo v huj\u0161i obliki in se odrazijo v finan\u010dnem poslovanju podjetja, bo skrben <strong>poslovodja del svojega delovanja namenil zgoraj omenjenim temam in vpra\u0161anjem ter organiziral izobra\u017eevanja<\/strong> zase in sodelavce, morda tudi za nadzorni svet.<\/p>\n\n\n\n<p class=\"justify\">\u010ce skrben in odgovoren <strong>poslovodja opa\u017ea te\u017eave v poslovanju<\/strong> ali ranljivost podjetja, ki bi lahko vodile v insolventnost, bo zadol\u017eil svoje sodelavce ali zunanje izvajalce za spremljanje pomembnih podro\u010dij poslovanja in tveganj ter, z namenom pravo\u010dasne ugotovitve groze\u010de insolventnosti, insolventnosti, kapitalske neustreznosti in pla\u010dilne nesposobnosti, tudi sam opravljal potrebne analize poslovanja. Morda bo izdelal tudi preliminarno analizo, s katero bo podrobneje preveril finan\u010dni polo\u017eaj, mo\u017ene ukrepe finan\u010dnega prestrukturiranja in potencialne mo\u017enosti za izvedbo prisilne poravnave ali drugih sodnih postopkov finan\u010dnega prestrukturiranja.<\/p>\n\n\n\n<p class=\"justify\">Z izvedbo <strong>preventivnih aktivnosti<\/strong> v zvezi z insolventnostjo (ustrezno izobra\u017eevanje in spremljanje znakov insolventnosti ter  pravo\u010dasna ugotovitev groze\u010de insolventnosti in insolventnosti) bo poslovodstvo pripravljeno za primer morebitno potrebnega ukrepanja ob nastanku (groze\u010de) insolventnosti (ukrepanje pri groze\u010di insolventnosti in insolventnosti obravnavamo v sklopih \u00bbAnalize,<strong> <\/strong>poro\u010dila in ukrepi pri insolventnosti\u00ab ter \u00bbPostopek prisilne poravnave\u00ab).<\/p>\n\n\n\n<p class=\"justify\">Iz celovitih strokovnih znanj in dolgoletnih&nbsp; prakti\u010dnih izku\u0161enj na tem podro\u010dju, vam lahko ponudimo kvalitetne in prakti\u010dno naravnane <strong>delavnice in izobra\u017eevanja<\/strong> o vlogi poslovodstev in nadzornih svetov ob insolventnosti.<\/p>\n<\/div>\n\n\n\n<div class=\"wp-block-group is-layout-constrained wp-block-group-is-layout-constrained\">\n<ul style=\"color:#7030a0\" class=\"check has-text-color wp-block-list\">\n<li>Delavnice\/predavanja\/seminarji o vlogi poslovodstva in nadzornega sveta pri groze\u010di insolventnosti in insolventnosti (poslovne te\u017eave in insolventnost, omejitve in dol\u017ena ravnanja, odnosi pri insolventnosti, poro\u010danje o groze\u010di insolventnosti in insolventnosti ter o ukrepih finan\u010dnega prestrukturiranja, predlog za za\u010detek ste\u010dajnega postopka, predlog&nbsp; za za\u010detek postopka prisilne poravnave, izvedba ukrepov, odgovornosti poslovodstva in nadzornega sveta, sodna praksa)<\/li>\n<\/ul>\n\n\n\n<div class=\"wp-block-uagb-image uagb-block-99c2473e wp-block-uagb-image--layout-default wp-block-uagb-image--effect-static wp-block-uagb-image--align-none\"><figure class=\"wp-block-uagb-image__figure\"><img decoding=\"async\" srcset=\"https:\/\/magison.si\/wp-content\/uploads\/2023\/03\/400-7-1024x448.jpg \" sizes=\"auto, (max-width: 480px) 150px\" src=\"https:\/\/magison.si\/wp-content\/uploads\/2023\/03\/400-7-1024x448.jpg\" alt=\"\" class=\"uag-image-1437\" width=\"1024\" height=\"448\" title=\"\" loading=\"lazy\"\/><\/figure><\/div>\n\n\n\n<p class=\"has-text-color\" style=\"color:#000066\">V kolikor va\u0161e kadrovske zmo\u017enosti v podjetju ne omogo\u010dajo ustreznih analiz za ugotavljanje in spremljanje kapitalske ustreznosti, pla\u010dilne sposobnosti in insolventnosti, pa vam lahko ponudimo tudi naslednje <strong>storitve in svetovanja<\/strong>:<\/p>\n\n\n\n<ul style=\"color:#7030a0\" class=\"check has-text-color wp-block-list\">\n<li>\u0160tudije o kapitalski ustreznosti in pla\u010dilni sposobnosti podjetja ter potrebnih in mo\u017enih ukrepih<\/li>\n\n\n\n<li>Redno spremljanje in upravljanje kapitalske ustreznosti, pla\u010dilne sposobnosti&nbsp; ter tveganj (kreditno, tr\u017eno, operativno in likvidnostno tveganje)<\/li>\n\n\n\n<li>Preliminarna analiza finan\u010dnega polo\u017eaja, mo\u017enih ukrepov in mo\u017enosti za izvedbo prisilne poravnave ter drugih sodnih postopkov za odpravo groze\u010de insolventnosti<\/li>\n\n\n\n<li>Analiza morebitne insolventnosti in \u010dasa nastopa le-te<\/li>\n\n\n\n<li>Svetovanja v zvezi z insolventnostjo<\/li>\n<\/ul>\n\n\n\n<p class=\"justify has-text-color\" style=\"color:#000066\"><strong>Poznavanje problematike vodenja podjetja v finan\u010dnih te\u017eavah, v stanju groze\u010de insolventnosti in pri insolventnosti<\/strong> sodi med \u00bbsplo\u0161na znanja\u00ab poslovodje, zato so zgoraj navedene teme namenjene vsem poslovodjem, ki se zavedajo svoje odgovornosti pri vodenju podjetja, in bi \u017eeleli vedeti o tem podro\u010dju \u0161e nekaj ve\u010d, predvsem s prakti\u010dnega vidika. \u0160e posebej priporo\u010damo tovrstna izobra\u017eevanja in storitve poslovodstvom tistih podjetij, ki so finan\u010dno ranljiva, poslujejo \u00bbna robu\u00ab in jih lahko nepredvidene te\u017eave hitro pripeljejo v insolven\u010dne vode, ko bodo morali hitro ukrepati.<\/p>\n<\/div>\n\n\n\n<div class=\"wp-block-group has-text-color is-layout-constrained wp-block-group-is-layout-constrained\" style=\"color:#7030a0\">\n<p class=\"justify\"><strong><em>Imate dodatna vpra\u0161anja? Vas zanima ve\u010d?<\/em><\/strong><\/p>\n\n\n\n<p class=\"justify\"><strong><em>Pi\u0161ite nam, pokli\u010dite nas in potrudili se bomo najti ustrezne strokovne re\u0161itve za vas.<\/em><\/strong><em><\/em><\/p>\n<\/div>\n\n\n\n<div style=\"height:100px\" aria-hidden=\"true\" class=\"wp-block-spacer\"><\/div>\n","protected":false},"excerpt":{"rendered":"<p>Poslovodstvo, nadzorni svet in insolventnost Delavnice, predavanja in seminarji: Poslovodstvo, nadzorni svet in insolventnost \u0160tudija [&hellip;]<\/p>\n","protected":false},"author":1,"featured_media":0,"parent":835,"menu_order":0,"comment_status":"closed","ping_status":"closed","template":"","meta":{"_uag_custom_page_level_css":"","footnotes":""},"class_list":["post-1364","page","type-page","status-publish","hentry"],"yoast_head":"<!-- This site is optimized with the Yoast SEO plugin v20.4 - https:\/\/yoast.com\/wordpress\/plugins\/seo\/ -->\n<title>Poslovodstvo, nadzorni svet in insolventnost - Magison Svetovanje<\/title>\n<meta name=\"robots\" content=\"index, follow, max-snippet:-1, max-image-preview:large, max-video-preview:-1\" \/>\n<link rel=\"canonical\" href=\"https:\/\/magison.si\/?page_id=1364\" \/>\n<meta property=\"og:locale\" content=\"en_US\" \/>\n<meta property=\"og:type\" content=\"article\" \/>\n<meta property=\"og:title\" content=\"Poslovodstvo, nadzorni svet in insolventnost - Magison Svetovanje\" \/>\n<meta property=\"og:description\" content=\"Poslovodstvo, nadzorni svet in insolventnost Delavnice, predavanja in seminarji: Poslovodstvo, nadzorni svet in insolventnost \u0160tudija [&hellip;]\" \/>\n<meta property=\"og:url\" content=\"https:\/\/magison.si\/?page_id=1364\" \/>\n<meta property=\"og:site_name\" content=\"Magison Svetovanje\" \/>\n<meta property=\"article:modified_time\" content=\"2023-11-30T21:25:08+00:00\" \/>\n<meta property=\"og:image\" content=\"https:\/\/magison.si\/wp-content\/uploads\/2023\/03\/PentljaT.png\" \/>\n<meta name=\"twitter:card\" content=\"summary_large_image\" \/>\n<meta name=\"twitter:label1\" content=\"Est. reading time\" \/>\n\t<meta name=\"twitter:data1\" content=\"7 minutes\" \/>\n<script type=\"application\/ld+json\" class=\"yoast-schema-graph\">{\"@context\":\"https:\/\/schema.org\",\"@graph\":[{\"@type\":\"WebPage\",\"@id\":\"https:\/\/magison.si\/?page_id=1364\",\"url\":\"https:\/\/magison.si\/?page_id=1364\",\"name\":\"Poslovodstvo, nadzorni svet in insolventnost - Magison Svetovanje\",\"isPartOf\":{\"@id\":\"https:\/\/magison.si\/#website\"},\"datePublished\":\"2023-03-02T20:21:33+00:00\",\"dateModified\":\"2023-11-30T21:25:08+00:00\",\"breadcrumb\":{\"@id\":\"https:\/\/magison.si\/?page_id=1364#breadcrumb\"},\"inLanguage\":\"en-US\",\"potentialAction\":[{\"@type\":\"ReadAction\",\"target\":[\"https:\/\/magison.si\/?page_id=1364\"]}]},{\"@type\":\"BreadcrumbList\",\"@id\":\"https:\/\/magison.si\/?page_id=1364#breadcrumb\",\"itemListElement\":[{\"@type\":\"ListItem\",\"position\":1,\"name\":\"Home\",\"item\":\"https:\/\/magison.si\/\"},{\"@type\":\"ListItem\",\"position\":2,\"name\":\"Podjetje v finan\u010dnih te\u017eavah \u2013 svetovanje in storitve\",\"item\":\"https:\/\/magison.si\/?page_id=835\"},{\"@type\":\"ListItem\",\"position\":3,\"name\":\"Poslovodstvo, nadzorni svet in insolventnost\"}]},{\"@type\":\"WebSite\",\"@id\":\"https:\/\/magison.si\/#website\",\"url\":\"https:\/\/magison.si\/\",\"name\":\"Magison Svetovanje\",\"description\":\"\",\"publisher\":{\"@id\":\"https:\/\/magison.si\/#organization\"},\"potentialAction\":[{\"@type\":\"SearchAction\",\"target\":{\"@type\":\"EntryPoint\",\"urlTemplate\":\"https:\/\/magison.si\/?s={search_term_string}\"},\"query-input\":\"required name=search_term_string\"}],\"inLanguage\":\"en-US\"},{\"@type\":\"Organization\",\"@id\":\"https:\/\/magison.si\/#organization\",\"name\":\"Magison Svetovanje\",\"url\":\"https:\/\/magison.si\/\",\"logo\":{\"@type\":\"ImageObject\",\"inLanguage\":\"en-US\",\"@id\":\"https:\/\/magison.si\/#\/schema\/logo\/image\/\",\"url\":\"https:\/\/magison.si\/wp-content\/uploads\/2023\/01\/ZNAK-MAGISON.jpg\",\"contentUrl\":\"https:\/\/magison.si\/wp-content\/uploads\/2023\/01\/ZNAK-MAGISON.jpg\",\"width\":1634,\"height\":542,\"caption\":\"Magison Svetovanje\"},\"image\":{\"@id\":\"https:\/\/magison.si\/#\/schema\/logo\/image\/\"}}]}<\/script>\n<!-- \/ Yoast SEO plugin. -->","yoast_head_json":{"title":"Poslovodstvo, nadzorni svet in insolventnost - Magison Svetovanje","robots":{"index":"index","follow":"follow","max-snippet":"max-snippet:-1","max-image-preview":"max-image-preview:large","max-video-preview":"max-video-preview:-1"},"canonical":"https:\/\/magison.si\/?page_id=1364","og_locale":"en_US","og_type":"article","og_title":"Poslovodstvo, nadzorni svet in insolventnost - Magison Svetovanje","og_description":"Poslovodstvo, nadzorni svet in insolventnost Delavnice, predavanja in seminarji: Poslovodstvo, nadzorni svet in insolventnost \u0160tudija [&hellip;]","og_url":"https:\/\/magison.si\/?page_id=1364","og_site_name":"Magison Svetovanje","article_modified_time":"2023-11-30T21:25:08+00:00","og_image":[{"url":"https:\/\/magison.si\/wp-content\/uploads\/2023\/03\/PentljaT.png"}],"twitter_card":"summary_large_image","twitter_misc":{"Est. reading time":"7 minutes"},"schema":{"@context":"https:\/\/schema.org","@graph":[{"@type":"WebPage","@id":"https:\/\/magison.si\/?page_id=1364","url":"https:\/\/magison.si\/?page_id=1364","name":"Poslovodstvo, nadzorni svet in insolventnost - Magison Svetovanje","isPartOf":{"@id":"https:\/\/magison.si\/#website"},"datePublished":"2023-03-02T20:21:33+00:00","dateModified":"2023-11-30T21:25:08+00:00","breadcrumb":{"@id":"https:\/\/magison.si\/?page_id=1364#breadcrumb"},"inLanguage":"en-US","potentialAction":[{"@type":"ReadAction","target":["https:\/\/magison.si\/?page_id=1364"]}]},{"@type":"BreadcrumbList","@id":"https:\/\/magison.si\/?page_id=1364#breadcrumb","itemListElement":[{"@type":"ListItem","position":1,"name":"Home","item":"https:\/\/magison.si\/"},{"@type":"ListItem","position":2,"name":"Podjetje v finan\u010dnih te\u017eavah \u2013 svetovanje in storitve","item":"https:\/\/magison.si\/?page_id=835"},{"@type":"ListItem","position":3,"name":"Poslovodstvo, nadzorni svet in insolventnost"}]},{"@type":"WebSite","@id":"https:\/\/magison.si\/#website","url":"https:\/\/magison.si\/","name":"Magison Svetovanje","description":"","publisher":{"@id":"https:\/\/magison.si\/#organization"},"potentialAction":[{"@type":"SearchAction","target":{"@type":"EntryPoint","urlTemplate":"https:\/\/magison.si\/?s={search_term_string}"},"query-input":"required name=search_term_string"}],"inLanguage":"en-US"},{"@type":"Organization","@id":"https:\/\/magison.si\/#organization","name":"Magison Svetovanje","url":"https:\/\/magison.si\/","logo":{"@type":"ImageObject","inLanguage":"en-US","@id":"https:\/\/magison.si\/#\/schema\/logo\/image\/","url":"https:\/\/magison.si\/wp-content\/uploads\/2023\/01\/ZNAK-MAGISON.jpg","contentUrl":"https:\/\/magison.si\/wp-content\/uploads\/2023\/01\/ZNAK-MAGISON.jpg","width":1634,"height":542,"caption":"Magison Svetovanje"},"image":{"@id":"https:\/\/magison.si\/#\/schema\/logo\/image\/"}}]}},"uagb_featured_image_src":{"full":false,"thumbnail":false,"medium":false,"medium_large":false,"large":false,"1536x1536":false,"2048x2048":false},"uagb_author_info":{"display_name":"admin","author_link":"https:\/\/magison.si\/?author=1"},"uagb_comment_info":0,"uagb_excerpt":"Poslovodstvo, nadzorni svet in insolventnost Delavnice, predavanja in seminarji: Poslovodstvo, nadzorni svet in insolventnost \u0160tudija [&hellip;]","_links":{"self":[{"href":"https:\/\/magison.si\/index.php?rest_route=\/wp\/v2\/pages\/1364","targetHints":{"allow":["GET"]}}],"collection":[{"href":"https:\/\/magison.si\/index.php?rest_route=\/wp\/v2\/pages"}],"about":[{"href":"https:\/\/magison.si\/index.php?rest_route=\/wp\/v2\/types\/page"}],"author":[{"embeddable":true,"href":"https:\/\/magison.si\/index.php?rest_route=\/wp\/v2\/users\/1"}],"replies":[{"embeddable":true,"href":"https:\/\/magison.si\/index.php?rest_route=%2Fwp%2Fv2%2Fcomments&post=1364"}],"version-history":[{"count":18,"href":"https:\/\/magison.si\/index.php?rest_route=\/wp\/v2\/pages\/1364\/revisions"}],"predecessor-version":[{"id":2069,"href":"https:\/\/magison.si\/index.php?rest_route=\/wp\/v2\/pages\/1364\/revisions\/2069"}],"up":[{"embeddable":true,"href":"https:\/\/magison.si\/index.php?rest_route=\/wp\/v2\/pages\/835"}],"wp:attachment":[{"href":"https:\/\/magison.si\/index.php?rest_route=%2Fwp%2Fv2%2Fmedia&parent=1364"}],"curies":[{"name":"wp","href":"https:\/\/api.w.org\/{rel}","templated":true}]}}